Last updated on 2023-06-10 00:54:49 CEST.
Flavor | Version | Tinstall | Tcheck | Ttotal | Status | Flags |
---|---|---|---|---|---|---|
r-devel-linux-x86_64-debian-clang | 2.1.2 | 4.22 | 79.16 | 83.38 | OK | |
r-devel-linux-x86_64-debian-gcc | 2.1.2 | 3.41 | 57.98 | 61.39 | OK | |
r-devel-linux-x86_64-fedora-clang | 2.1.2 | 102.17 | OK | |||
r-devel-linux-x86_64-fedora-gcc | 2.1.2 | 124.73 | OK | |||
r-devel-windows-x86_64 | 2.1.2 | 8.00 | 99.00 | 107.00 | OK | |
r-patched-linux-x86_64 | 2.1.2 | 3.83 | 78.46 | 82.29 | OK | |
r-release-linux-x86_64 | 2.1.2 | 3.60 | 76.55 | 80.15 | OK | |
r-release-macos-arm64 | 2.1.2 | 44.00 | OK | |||
r-release-macos-x86_64 | 2.1.2 | 72.00 | OK | |||
r-release-windows-x86_64 | 2.1.2 | 5.00 | 106.00 | 111.00 | OK | |
r-oldrel-macos-arm64 | 2.1.2 | 38.00 | OK | |||
r-oldrel-macos-x86_64 | 2.1.2 | 57.00 | NOTE | |||
r-oldrel-windows-x86_64 | 2.1.2 | 8.00 | 106.00 | 114.00 | OK |
Version: 2.1.2
Check: dependencies in R code
Result: NOTE
Namespace in Imports field not imported from: ‘RColorBrewer’
All declared Imports should be used.
Flavor: r-oldrel-macos-x86_64