CRAN Package Check Results for Package LoBrA

Last updated on 2023-05-28 23:14:02 CEST.

Flavor Version Tinstall Tcheck Ttotal Status Flags
r-devel-linux-x86_64-debian-clang 1.0 2.63 70.55 73.18 OK
r-devel-linux-x86_64-debian-gcc 1.0 2.77 54.05 56.82 OK
r-devel-linux-x86_64-fedora-clang 1.0 89.89 NOTE
r-devel-linux-x86_64-fedora-gcc 1.0 109.54 NOTE
r-devel-windows-x86_64 1.0 5.00 76.00 81.00 OK
r-patched-linux-x86_64 1.0 3.69 67.07 70.76 OK
r-release-linux-x86_64 1.0 3.54 66.93 70.47 OK
r-release-macos-arm64 1.0 38.00 OK
r-release-macos-x86_64 1.0 57.00 OK
r-release-windows-x86_64 1.0 5.00 87.00 92.00 OK
r-oldrel-macos-arm64 1.0 34.00 OK
r-oldrel-macos-x86_64 1.0 43.00 NOTE
r-oldrel-windows-x86_64 1.0 5.00 91.00 96.00 OK

Check Details

Version: 1.0
Check: dependencies in R code
Result: NOTE
    Namespaces in Imports field not imported from:
     ‘RColorBrewer’ ‘base’ ‘qpdf’
     All declared Imports should be used.
Flavors: r-devel-linux-x86_64-fedora-clang, r-devel-linux-x86_64-fedora-gcc, r-oldrel-macos-x86_64