Last updated on 2023-09-23 16:54:05 CEST.
Flavor | Version | Tinstall | Tcheck | Ttotal | Status | Flags |
---|---|---|---|---|---|---|
r-devel-linux-x86_64-debian-clang | 1.1.3 | 34.46 | 78.36 | 112.82 | NOTE | |
r-devel-linux-x86_64-debian-gcc | 1.1.3 | 27.24 | 65.47 | 92.71 | NOTE | |
r-devel-linux-x86_64-fedora-clang | 1.1.3 | 160.14 | NOTE | |||
r-devel-linux-x86_64-fedora-gcc | 1.1.3 | 179.10 | NOTE | |||
r-devel-windows-x86_64 | 1.1.3 | 33.00 | 111.00 | 144.00 | NOTE | |
r-patched-linux-x86_64 | 1.1.3 | 37.24 | 76.69 | 113.93 | NOTE | |
r-release-linux-x86_64 | 1.1.3 | 34.81 | 76.88 | 111.69 | NOTE | |
r-release-macos-arm64 | 1.1.3 | 61.00 | NOTE | |||
r-release-macos-x86_64 | 1.1.3 | 85.00 | NOTE | |||
r-release-windows-x86_64 | 1.1.3 | 31.00 | 121.00 | 152.00 | NOTE | |
r-oldrel-macos-arm64 | 1.1.3 | 53.00 | OK | |||
r-oldrel-macos-x86_64 | 1.1.3 | 65.00 | OK | |||
r-oldrel-windows-x86_64 | 1.1.3 | 38.00 | 119.00 | 157.00 | OK |
Version: 1.1.3
Check: C++ specification
Result: NOTE
Specified C++11: please drop specification unless essential
Flavors: r-devel-linux-x86_64-debian-clang, r-devel-linux-x86_64-debian-gcc, r-devel-linux-x86_64-fedora-clang, r-devel-linux-x86_64-fedora-gcc, r-devel-windows-x86_64, r-patched-linux-x86_64, r-release-linux-x86_64, r-release-macos-arm64, r-release-macos-x86_64, r-release-windows-x86_64
Version: 1.1.3
Check: Rd files
Result: NOTE
checkRd: (-1) SPSloess.Rd:71: Escaped LaTeX specials: \^ \^
Flavors: r-devel-linux-x86_64-debian-clang, r-devel-linux-x86_64-debian-gcc, r-devel-linux-x86_64-fedora-clang, r-devel-linux-x86_64-fedora-gcc, r-devel-windows-x86_64, r-patched-linux-x86_64, r-release-linux-x86_64, r-release-macos-arm64, r-release-macos-x86_64, r-release-windows-x86_64