CRAN Package Check Results for Package LocalControl

Last updated on 2024-06-17 19:51:33 CEST.

Flavor Version Tinstall Tcheck Ttotal Status Flags
r-devel-linux-x86_64-debian-clang 1.1.3 35.76 82.94 118.70 NOTE
r-devel-linux-x86_64-debian-gcc 1.1.3 24.34 63.11 87.45 NOTE
r-devel-linux-x86_64-fedora-clang 1.1.3 166.23 NOTE
r-devel-linux-x86_64-fedora-gcc 1.1.3 173.80 NOTE
r-devel-windows-x86_64 1.1.3 29.00 115.00 144.00 NOTE
r-patched-linux-x86_64 1.1.3 32.89 80.32 113.21 NOTE
r-release-linux-x86_64 1.1.3 31.73 80.64 112.37 NOTE
r-release-macos-arm64 1.1.3 52.00 NOTE
r-release-macos-x86_64 1.1.3 75.00 NOTE
r-release-windows-x86_64 1.1.3 28.00 119.00 147.00 NOTE
r-oldrel-macos-arm64 1.1.3 61.00 NOTE
r-oldrel-macos-x86_64 1.1.3 85.00 NOTE
r-oldrel-windows-x86_64 1.1.3 30.00 121.00 151.00 NOTE

Check Details

Version: 1.1.3
Check: C++ specification
Result: NOTE Specified C++11: please drop specification unless essential Flavors: r-devel-linux-x86_64-debian-clang, r-devel-linux-x86_64-debian-gcc, r-devel-linux-x86_64-fedora-clang, r-devel-linux-x86_64-fedora-gcc, r-devel-windows-x86_64, r-patched-linux-x86_64, r-release-linux-x86_64, r-release-macos-arm64, r-release-macos-x86_64, r-release-windows-x86_64, r-oldrel-macos-arm64, r-oldrel-macos-x86_64, r-oldrel-windows-x86_64

Version: 1.1.3
Check: Rd files
Result: NOTE checkRd: (-1) LocalControl.Rd:84: Lost braces in \itemize; \value handles \item{}{} directly checkRd: (-1) LocalControl.Rd:85: Lost braces in \itemize; \value handles \item{}{} directly checkRd: (-1) LocalControl.Rd:86: Lost braces in \itemize; \value handles \item{}{} directly checkRd: (-1) LocalControl.Rd:87: Lost braces in \itemize; \value handles \item{}{} directly checkRd: (-1) LocalControl.Rd:88: Lost braces in \itemize; \value handles \item{}{} directly checkRd: (-1) SPSbalan.Rd:29: Lost braces in \itemize; \value handles \item{}{} directly checkRd: (-1) SPSbalan.Rd:30: Lost braces in \itemize; \value handles \item{}{} directly checkRd: (-1) SPSbalan.Rd:31: Lost braces in \itemize; \value handles \item{}{} directly checkRd: (-1) SPSbalan.Rd:32: Lost braces in \itemize; \value handles \item{}{} directly checkRd: (-1) SPSbalan.Rd:34: Lost braces in \itemize; \value handles \item{}{} directly checkRd: (-1) SPSbalan.Rd:35: Lost braces in \itemize; \value handles \item{}{} directly checkRd: (-1) SPSbalan.Rd:36: Lost braces in \itemize; \value handles \item{}{} directly checkRd: (-1) SPSbalan.Rd:37: Lost braces in \itemize; \value handles \item{}{} directly checkRd: (-1) SPSloess.Rd:47-65: Lost braces 47 | {Once one has fitted a somewhat smooth curve through scatters of observed outcomes, Y, | ^ checkRd: (-1) SPSloess.Rd:67-74: Lost braces in \itemize; meant \describe ? checkRd: (-1) SPSloess.Rd:71: Escaped LaTeX specials: \^ \^ checkRd: (-1) SPSloess.Rd:75-77: Lost braces in \itemize; meant \describe ? checkRd: (-1) SPSloess.Rd:78: Lost braces in \itemize; meant \describe ? checkRd: (-1) SPSloess.Rd:79: Lost braces in \itemize; meant \describe ? checkRd: (-1) SPSloess.Rd:80: Lost braces in \itemize; meant \describe ? checkRd: (-1) SPSlogit.Rd:31: Lost braces in \itemize; \value handles \item{}{} directly checkRd: (-1) SPSlogit.Rd:32: Lost braces in \itemize; \value handles \item{}{} directly checkRd: (-1) SPSlogit.Rd:33: Lost braces in \itemize; \value handles \item{}{} directly checkRd: (-1) SPSlogit.Rd:34: Lost braces in \itemize; \value handles \item{}{} directly checkRd: (-1) SPSlogit.Rd:35: Lost braces in \itemize; \value handles \item{}{} directly checkRd: (-1) SPSlogit.Rd:36: Lost braces in \itemize; \value handles \item{}{} directly checkRd: (-1) SPSlogit.Rd:37: Lost braces in \itemize; \value handles \item{}{} directly checkRd: (-1) SPSlogit.Rd:38: Lost braces in \itemize; \value handles \item{}{} directly checkRd: (-1) SPSlogit.Rd:39: Lost braces in \itemize; \value handles \item{}{} directly checkRd: (-1) SPSnbins.Rd:23: Lost braces in \itemize; \value handles \item{}{} directly checkRd: (-1) SPSoutco.Rd:27: Lost braces in \itemize; \value handles \item{}{} directly checkRd: (-1) SPSoutco.Rd:28: Lost braces in \itemize; \value handles \item{}{} directly checkRd: (-1) SPSoutco.Rd:29: Lost braces in \itemize; \value handles \item{}{} directly checkRd: (-1) SPSoutco.Rd:30: Lost braces in \itemize; \value handles \item{}{} directly checkRd: (-1) SPSoutco.Rd:31: Lost braces in \itemize; \value handles \item{}{} directly checkRd: (-1) SPSoutco.Rd:32: Lost braces in \itemize; \value handles \item{}{} directly checkRd: (-1) SPSoutco.Rd:33: Lost braces in \itemize; \value handles \item{}{} directly checkRd: (-1) SPSoutco.Rd:34: Lost braces in \itemize; \value handles \item{}{} directly checkRd: (-1) SPSoutco.Rd:35: Lost braces in \itemize; \value handles \item{}{} directly checkRd: (-1) SPSoutco.Rd:36: Lost braces in \itemize; \value handles \item{}{} directly checkRd: (-1) SPSoutco.Rd:37: Lost braces in \itemize; \value handles \item{}{} directly checkRd: (-1) SPSoutco.Rd:38: Lost braces in \itemize; \value handles \item{}{} directly checkRd: (-1) SPSoutco.Rd:39: Lost braces in \itemize; \value handles \item{}{} directly checkRd: (-1) SPSoutco.Rd:40: Lost braces in \itemize; \value handles \item{}{} directly checkRd: (-1) SPSoutco.Rd:41: Lost braces in \itemize; \value handles \item{}{} directly checkRd: (-1) SPSoutco.Rd:42: Lost braces in \itemize; \value handles \item{}{} directly checkRd: (-1) SPSoutco.Rd:43: Lost braces in \itemize; \value handles \item{}{} directly checkRd: (-1) SPSoutco.Rd:44: Lost braces in \itemize; \value handles \item{}{} directly checkRd: (-1) SPSoutco.Rd:45-47: Lost braces in \itemize; \value handles \item{}{} directly checkRd: (-1) SPSoutco.Rd:48: Lost braces in \itemize; \value handles \item{}{} directly checkRd: (-1) SPSoutco.Rd:49: Lost braces in \itemize; \value handles \item{}{} directly checkRd: (-1) SPSoutco.Rd:50: Lost braces in \itemize; \value handles \item{}{} directly checkRd: (-1) SPSoutco.Rd:51: Lost braces in \itemize; \value handles \item{}{} directly checkRd: (-1) SPSoutco.Rd:52: Lost braces in \itemize; \value handles \item{}{} directly checkRd: (-1) SPSoutco.Rd:53: Lost braces in \itemize; \value handles \item{}{} directly checkRd: (-1) SPSoutco.Rd:54: Lost braces in \itemize; \value handles \item{}{} directly checkRd: (-1) SPSoutco.Rd:55: Lost braces in \itemize; \value handles \item{}{} directly checkRd: (-1) SPSoutco.Rd:56: Lost braces in \itemize; \value handles \item{}{} directly checkRd: (-1) SPSoutco.Rd:57: Lost braces in \itemize; \value handles \item{}{} directly checkRd: (-1) SPSoutco.Rd:58: Lost braces in \itemize; \value handles \item{}{} directly checkRd: (-1) UPSaccum.Rd:26: Lost braces in \itemize; \value handles \item{}{} directly checkRd: (-1) UPSaccum.Rd:27: Lost braces in \itemize; \value handles \item{}{} directly checkRd: (-1) UPSaccum.Rd:28: Lost braces in \itemize; \value handles \item{}{} directly checkRd: (-1) UPSaccum.Rd:29: Lost braces in \itemize; \value handles \item{}{} directly checkRd: (-1) UPSaccum.Rd:30-32: Lost braces in \itemize; \value handles \item{}{} directly checkRd: (-1) UPSaccum.Rd:33: Lost braces in \itemize; \value handles \item{}{} directly checkRd: (-1) UPSaccum.Rd:34-35: Lost braces in \itemize; \value handles \item{}{} directly checkRd: (-1) UPSaccum.Rd:36-37: Lost braces in \itemize; \value handles \item{}{} directly checkRd: (-1) UPSaccum.Rd:38: Lost braces in \itemize; \value handles \item{}{} directly checkRd: (-1) UPSaccum.Rd:39: Lost braces in \itemize; \value handles \item{}{} directly checkRd: (-1) UPSaltdd.Rd:45: Lost braces in \itemize; \value handles \item{}{} directly checkRd: (-1) UPSaltdd.Rd:46: Lost braces in \itemize; \value handles \item{}{} directly checkRd: (-1) UPSaltdd.Rd:47: Lost braces in \itemize; \value handles \item{}{} directly checkRd: (-1) UPSaltdd.Rd:48-50: Lost braces in \itemize; \value handles \item{}{} directly checkRd: (-1) UPSaltdd.Rd:51: Lost braces in \itemize; \value handles \item{}{} directly checkRd: (-1) UPSaltdd.Rd:52: Lost braces in \itemize; \value handles \item{}{} directly checkRd: (-1) UPSaltdd.Rd:53: Lost braces in \itemize; \value handles \item{}{} directly checkRd: (-1) UPSaltdd.Rd:54: Lost braces in \itemize; \value handles \item{}{} directly checkRd: (-1) UPSaltdd.Rd:55: Lost braces in \itemize; \value handles \item{}{} directly checkRd: (-1) UPSaltdd.Rd:56: Lost braces in \itemize; \value handles \item{}{} directly checkRd: (-1) UPSaltdd.Rd:57: Lost braces in \itemize; \value handles \item{}{} directly checkRd: (-1) UPSaltdd.Rd:58: Lost braces in \itemize; \value handles \item{}{} directly checkRd: (-1) UPSaltdd.Rd:59: Lost braces in \itemize; \value handles \item{}{} directly checkRd: (-1) UPSaltdd.Rd:60: Lost braces in \itemize; \value handles \item{}{} directly checkRd: (-1) UPSaltdd.Rd:61: Lost braces in \itemize; \value handles \item{}{} directly checkRd: (-1) UPSaltdd.Rd:62: Lost braces in \itemize; \value handles \item{}{} directly checkRd: (-1) UPSaltdd.Rd:63: Lost braces in \itemize; \value handles \item{}{} directly checkRd: (-1) UPSaltdd.Rd:64: Lost braces in \itemize; \value handles \item{}{} directly checkRd: (-1) UPSaltdd.Rd:65: Lost braces in \itemize; \value handles \item{}{} directly checkRd: (-1) UPSaltdd.Rd:66: Lost braces in \itemize; \value handles \item{}{} directly checkRd: (-1) UPSaltdd.Rd:67: Lost braces in \itemize; \value handles \item{}{} directly checkRd: (-1) UPSaltdd.Rd:68: Lost braces in \itemize; \value handles \item{}{} directly checkRd: (-1) UPShclus.Rd:23: Lost braces in \itemize; \value handles \item{}{} directly checkRd: (-1) UPShclus.Rd:24: Lost braces in \itemize; \value handles \item{}{} directly checkRd: (-1) UPShclus.Rd:25: Lost braces in \itemize; \value handles \item{}{} directly checkRd: (-1) UPShclus.Rd:26: Lost braces in \itemize; \value handles \item{}{} directly checkRd: (-1) UPSivadj.Rd:17: Lost braces in \itemize; \value handles \item{}{} directly checkRd: (-1) UPSivadj.Rd:18: Lost braces in \itemize; \value handles \item{}{} directly checkRd: (-1) UPSivadj.Rd:19: Lost braces in \itemize; \value handles \item{}{} directly checkRd: (-1) UPSivadj.Rd:20: Lost braces in \itemize; \value handles \item{}{} directly checkRd: (-1) UPSivadj.Rd:21: Lost braces in \itemize; \value handles \item{}{} directly checkRd: (-1) UPSivadj.Rd:22: Lost braces in \itemize; \value handles \item{}{} directly checkRd: (-1) UPSivadj.Rd:23: Lost braces in \itemize; \value handles \item{}{} directly checkRd: (-1) UPSivadj.Rd:24: Lost braces in \itemize; \value handles \item{}{} directly checkRd: (-1) UPSivadj.Rd:25: Lost braces in \itemize; \value handles \item{}{} directly checkRd: (-1) UPSivadj.Rd:26: Lost braces in \itemize; \value handles \item{}{} directly checkRd: (-1) UPSivadj.Rd:27: Lost braces in \itemize; \value handles \item{}{} directly checkRd: (-1) UPSivadj.Rd:28: Lost braces in \itemize; \value handles \item{}{} directly checkRd: (-1) UPSivadj.Rd:29: Lost braces in \itemize; \value handles \item{}{} directly checkRd: (-1) UPSivadj.Rd:30: Lost braces in \itemize; \value handles \item{}{} directly checkRd: (-1) UPSivadj.Rd:31: Lost braces in \itemize; \value handles \item{}{} directly checkRd: (-1) UPSivadj.Rd:32: Lost braces in \itemize; \value handles \item{}{} directly checkRd: (-1) UPSivadj.Rd:33-35: Lost braces in \itemize; \value handles \item{}{} directly checkRd: (-1) UPSivadj.Rd:36: Lost braces in \itemize; \value handles \item{}{} directly checkRd: (-1) UPSivadj.Rd:37: Lost braces in \itemize; \value handles \item{}{} directly checkRd: (-1) UPSivadj.Rd:38: Lost braces in \itemize; \value handles \item{}{} directly checkRd: (-1) UPSivadj.Rd:39: Lost braces in \itemize; \value handles \item{}{} directly checkRd: (-1) UPSivadj.Rd:40: Lost braces in \itemize; \value handles \item{}{} directly checkRd: (-1) UPSivadj.Rd:41: Lost braces in \itemize; \value handles \item{}{} directly checkRd: (-1) UPSivadj.Rd:42: Lost braces in \itemize; \value handles \item{}{} directly checkRd: (-1) UPSivadj.Rd:43: Lost braces in \itemize; \value handles \item{}{} directly checkRd: (-1) UPSivadj.Rd:44: Lost braces in \itemize; \value handles \item{}{} directly checkRd: (-1) UPSivadj.Rd:45: Lost braces in \itemize; \value handles \item{}{} directly checkRd: (-1) UPSivadj.Rd:46: Lost braces in \itemize; \value handles \item{}{} directly checkRd: (-1) UPSivadj.Rd:47: Lost braces in \itemize; \value handles \item{}{} directly checkRd: (-1) UPSnnltd.Rd:17: Lost braces in \itemize; \value handles \item{}{} directly checkRd: (-1) UPSnnltd.Rd:18: Lost braces in \itemize; \value handles \item{}{} directly checkRd: (-1) UPSnnltd.Rd:19: Lost braces in \itemize; \value handles \item{}{} directly checkRd: (-1) UPSnnltd.Rd:20: Lost braces in \itemize; \value handles \item{}{} directly checkRd: (-1) UPSnnltd.Rd:21: Lost braces in \itemize; \value handles \item{}{} directly checkRd: (-1) UPSnnltd.Rd:22: Lost braces in \itemize; \value handles \item{}{} directly checkRd: (-1) UPSnnltd.Rd:23: Lost braces in \itemize; \value handles \item{}{} directly checkRd: (-1) UPSnnltd.Rd:24: Lost braces in \itemize; \value handles \item{}{} directly checkRd: (-1) UPSnnltd.Rd:25: Lost braces in \itemize; \value handles \item{}{} directly checkRd: (-1) UPSnnltd.Rd:26: Lost braces in \itemize; \value handles \item{}{} directly checkRd: (-1) UPSnnltd.Rd:27: Lost braces in \itemize; \value handles \item{}{} directly checkRd: (-1) UPSnnltd.Rd:28: Lost braces in \itemize; \value handles \item{}{} directly checkRd: (-1) UPSnnltd.Rd:29: Lost braces in \itemize; \value handles \item{}{} directly checkRd: (-1) UPSnnltd.Rd:30: Lost braces in \itemize; \value handles \item{}{} directly checkRd: (-1) UPSnnltd.Rd:31: Lost braces in \itemize; \value handles \item{}{} directly checkRd: (-1) UPSnnltd.Rd:32: Lost braces in \itemize; \value handles \item{}{} directly checkRd: (-1) UPSnnltd.Rd:33: Lost braces in \itemize; \value handles \item{}{} directly checkRd: (-1) UPSnnltd.Rd:34: Lost braces in \itemize; \value handles \item{}{} directly checkRd: (-1) UPSnnltd.Rd:35: Lost braces in \itemize; \value handles \item{}{} directly checkRd: (-1) UPSnnltd.Rd:36: Lost braces in \itemize; \value handles \item{}{} directly checkRd: (-1) UPSnnltd.Rd:37: Lost braces in \itemize; \value handles \item{}{} directly checkRd: (-1) UPSnnltd.Rd:38-40: Lost braces in \itemize; \value handles \item{}{} directly checkRd: (-1) UPSnnltd.Rd:41: Lost braces in \itemize; \value handles \item{}{} directly checkRd: (-1) UPSnnltd.Rd:42: Lost braces in \itemize; \value handles \item{}{} directly checkRd: (-1) UPSnnltd.Rd:43: Lost braces in \itemize; \value handles \item{}{} directly checkRd: (-1) UPSnnltd.Rd:44: Lost braces in \itemize; \value handles \item{}{} directly checkRd: (-1) UPSnnltd.Rd:45: Lost braces in \itemize; \value handles \item{}{} directly checkRd: (-1) UPSnnltd.Rd:46: Lost braces in \itemize; \value handles \item{}{} directly checkRd: (-1) UPSnnltd.Rd:47: Lost braces in \itemize; \value handles \item{}{} directly checkRd: (-1) UPSnnltd.Rd:48: Lost braces in \itemize; \value handles \item{}{} directly checkRd: (-1) UPSnnltd.Rd:49: Lost braces in \itemize; \value handles \item{}{} directly checkRd: (-1) UPSnnltd.Rd:50: Lost braces in \itemize; \value handles \item{}{} directly checkRd: (-1) UPSnnltd.Rd:51: Lost braces in \itemize; \value handles \item{}{} directly checkRd: (-1) UPSnnltd.Rd:52: Lost braces in \itemize; \value handles \item{}{} directly Flavors: r-devel-linux-x86_64-debian-clang, r-devel-linux-x86_64-debian-gcc, r-devel-linux-x86_64-fedora-clang, r-devel-linux-x86_64-fedora-gcc, r-devel-windows-x86_64, r-patched-linux-x86_64, r-release-linux-x86_64, r-release-macos-arm64, r-release-macos-x86_64, r-release-windows-x86_64

Version: 1.1.3
Check: HTML version of manual
Result: NOTE Found the following HTML validation problems: UPSLTDdist.html:54:1 (UPSLTDdist.Rd:17): Warning: trimming empty <dt> plot.LocalControlCR.html:63:1 (plot.LocalControlCR.Rd:29): Warning: trimming empty <dt> plot.LocalControlCS.html:59:1 (plot.LocalControlCS.Rd:24): Warning: trimming empty <dt> Flavors: r-devel-linux-x86_64-debian-clang, r-devel-linux-x86_64-debian-gcc, r-devel-linux-x86_64-fedora-clang, r-devel-linux-x86_64-fedora-gcc, r-devel-windows-x86_64, r-patched-linux-x86_64, r-release-linux-x86_64, r-release-windows-x86_64

Version: 1.1.3
Check: Rd files
Result: NOTE checkRd: (-1) SPSloess.Rd:71: Escaped LaTeX specials: \^ \^ Flavors: r-oldrel-macos-arm64, r-oldrel-macos-x86_64, r-oldrel-windows-x86_64