CRAN Package Check Results for Package LongCART

Last updated on 2024-05-25 00:58:29 CEST.

Flavor Version Tinstall Tcheck Ttotal Status Flags
r-devel-linux-x86_64-debian-clang 3.2 19.72 125.43 145.15 NOTE
r-devel-linux-x86_64-debian-gcc 3.2 12.92 92.22 105.14 NOTE
r-devel-linux-x86_64-fedora-clang 3.2 182.88 NOTE
r-devel-linux-x86_64-fedora-gcc 3.2 166.02 NOTE
r-devel-windows-x86_64 3.2 14.00 106.00 120.00 NOTE
r-patched-linux-x86_64 3.2 12.53 121.99 134.52 NOTE
r-release-linux-x86_64 3.2 12.01 119.33 131.34 NOTE
r-release-macos-arm64 3.2 49.00 NOTE
r-release-windows-x86_64 3.2 15.00 108.00 123.00 NOTE
r-oldrel-macos-arm64 3.2 54.00 OK
r-oldrel-macos-x86_64 3.2 84.00 OK
r-oldrel-windows-x86_64 3.2 19.00 136.00 155.00 OK

Check Details

Version: 3.2
Check: Rd files
Result: NOTE checkRd: (-1) ProfilePlot.Rd:16: Lost braces 16 | \item{timevar.power}{Mandatory when the fixed part of the fitted model contains term as time with power not equal to 1. For example, if fixed part of the model is t + sqrt{t} + cov1, then specify \code{c(1, 0.5, NA}. If fixed part of the model is t + t^2 + cov1, then specify \code{c(1, 2, NA)}.} | ^ checkRd: (-1) StabCat.surv.Rd:34: Lost braces; missing escapes or markup? 34 | Lognormal distribution: f(t)=(1/t)*(1/sqrt(2*pi*sigma^2))*exp[-(1/2)*{(log(t)-mu)/sigma}^2] | ^ checkRd: (-1) StabCat.surv.Rd:36: Lost braces; missing escapes or markup? 36 | Normal distribution: f(t)=(1/sqrt(2*pi*sigma^2))*exp[-(1/2)*{(t-mu)/sigma}^2] | ^ checkRd: (-1) StabCont.surv.Rd:34: Lost braces; missing escapes or markup? 34 | Lognormal distribution: f(t)=(1/t)*(1/sqrt(2*pi*sigma^2))*exp[-(1/2)*{(log(t)-mu)/sigma}^2] | ^ checkRd: (-1) StabCont.surv.Rd:36: Lost braces; missing escapes or markup? 36 | Normal distribution: f(t)=(1/sqrt(2*pi*sigma^2))*exp[-(1/2)*{(t-mu)/sigma}^2] | ^ checkRd: (-1) SurvCART.Rd:36: Lost braces; missing escapes or markup? 36 | Lognormal distribution: f(t)=(1/t)*(1/sqrt(2*pi*sigma^2))*exp[-(1/2)*{(log(t)-mu)/sigma}^2] | ^ checkRd: (-1) SurvCART.Rd:38: Lost braces; missing escapes or markup? 38 | Normal distribution: f(t)=(1/sqrt(2*pi*sigma^2))*exp[-(1/2)*{(t-mu)/sigma}^2] | ^ checkRd: (-1) succ_ia.Rd:39: Lost braces 39 | \item{sd.ia}{Standard deviation of estimated mean difference (in one-sample continuous case) or estimated mean (in two-sample continuous case) at interim analysis. If \code{stderr.ia} is specified, then the value of \code{sd.ia} is ignored. If code{stderr.ia} is not specified, then mandatory for continuous case.} | ^ Flavors: r-devel-linux-x86_64-debian-clang, r-devel-linux-x86_64-debian-gcc, r-devel-linux-x86_64-fedora-clang, r-devel-linux-x86_64-fedora-gcc, r-devel-windows-x86_64, r-patched-linux-x86_64, r-release-linux-x86_64, r-release-macos-arm64, r-release-windows-x86_64