CRAN Package Check Results for Package Luminescence

Last updated on 2023-03-26 16:54:19 CEST.

Flavor Version Tinstall Tcheck Ttotal Status Flags
r-devel-linux-x86_64-debian-clang 0.9.21 109.12 355.44 464.56 OK
r-devel-linux-x86_64-debian-gcc 0.9.21 84.17 260.58 344.75 OK
r-devel-linux-x86_64-fedora-gcc 0.9.21 562.67 OK
r-devel-windows-x86_64 0.9.21 346.00 460.00 806.00 OK
r-patched-linux-x86_64 0.9.21 101.01 338.75 439.76 OK
r-release-linux-x86_64 0.9.21 95.41 309.14 404.55 OK
r-release-macos-arm64 0.9.21 120.00 NOTE
r-release-macos-x86_64 0.9.21 170.00 NOTE
r-release-windows-x86_64 0.9.21 391.00 405.00 796.00 OK
r-oldrel-macos-arm64 0.9.21 105.00 NOTE
r-oldrel-macos-x86_64 0.9.21 169.00 NOTE
r-oldrel-windows-ix86+x86_64 0.9.21 219.00 525.00 744.00 NOTE

Check Details

Version: 0.9.21
Check: installed package size
Result: NOTE
     installed size is 6.2Mb
     sub-directories of 1Mb or more:
     R 2.0Mb
     libs 2.0Mb
Flavors: r-release-macos-arm64, r-release-macos-x86_64, r-oldrel-macos-arm64, r-oldrel-macos-x86_64, r-oldrel-windows-ix86+x86_64