CRAN Package Check Results for Package MAINT.Data

Last updated on 2022-06-25 00:50:50 CEST.

Flavor Version Tinstall Tcheck Ttotal Status Flags
r-devel-linux-x86_64-debian-clang 2.6.2 224.64 179.04 403.68 OK
r-devel-linux-x86_64-debian-gcc 2.6.2 192.66 131.17 323.83 OK
r-devel-linux-x86_64-fedora-clang 2.6.2 604.00 NOTE
r-devel-linux-x86_64-fedora-gcc 2.6.2 533.79 OK
r-devel-windows-x86_64 2.6.2 330.00 210.00 540.00 NOTE
r-patched-linux-x86_64 2.6.2 223.95 164.58 388.53 OK
r-release-linux-x86_64 2.6.2 207.91 166.16 374.07 OK
r-release-macos-arm64 2.6.2 122.00 NOTE
r-release-macos-x86_64 2.6.2 204.00 NOTE
r-release-windows-x86_64 2.6.2 337.00 208.00 545.00 NOTE
r-oldrel-macos-arm64 2.6.2 125.00 NOTE
r-oldrel-macos-x86_64 2.6.2 152.00 NOTE
r-oldrel-windows-ix86+x86_64 2.6.2 554.00 269.00 823.00 NOTE

Check Details

Version: 2.6.2
Check: installed package size
Result: NOTE
     installed size is 8.0Mb
     sub-directories of 1Mb or more:
     R 1.5Mb
     data 2.3Mb
     libs 3.8Mb
Flavors: r-devel-linux-x86_64-fedora-clang, r-devel-windows-x86_64, r-release-macos-arm64, r-release-macos-x86_64, r-release-windows-x86_64, r-oldrel-macos-arm64, r-oldrel-macos-x86_64, r-oldrel-windows-ix86+x86_64