Last updated on 2024-03-28 23:55:11 CET.
Flavor | Version | Tinstall | Tcheck | Ttotal | Status | Flags |
---|---|---|---|---|---|---|
r-devel-linux-x86_64-debian-clang | 0.5.4 | 11.10 | 235.67 | 246.77 | NOTE | |
r-devel-linux-x86_64-debian-gcc | 0.5.4 | 8.63 | 173.52 | 182.15 | NOTE | |
r-devel-linux-x86_64-fedora-clang | 0.5.4 | 327.36 | NOTE | |||
r-devel-linux-x86_64-fedora-gcc | 0.5.4 | 338.49 | NOTE | |||
r-devel-windows-x86_64 | 0.5.4 | 11.00 | 174.00 | 185.00 | NOTE | |
r-patched-linux-x86_64 | 0.5.4 | 11.31 | 225.21 | 236.52 | NOTE | |
r-release-linux-x86_64 | 0.5.4 | 11.01 | 229.30 | 240.31 | OK | |
r-release-macos-arm64 | 0.5.4 | 89.00 | OK | |||
r-release-macos-x86_64 | 0.5.4 | 258.00 | OK | |||
r-release-windows-x86_64 | 0.5.4 | 13.00 | 225.00 | 238.00 | OK | |
r-oldrel-macos-arm64 | 0.5.4 | 77.00 | OK | |||
r-oldrel-windows-x86_64 | 0.5.4 | 14.00 | 232.00 | 246.00 | OK |
Version: 0.5.4
Check: Rd files
Result: NOTE
checkRd: (-1) EEGwide.Rd:30-33: Lost braces
30 | if(requireNamespace("ggplot2")){
| ^
Flavors: r-devel-linux-x86_64-debian-clang, r-devel-linux-x86_64-debian-gcc, r-devel-linux-x86_64-fedora-clang, r-devel-linux-x86_64-fedora-gcc, r-devel-windows-x86_64, r-patched-linux-x86_64