Last updated on 2024-04-19 08:54:45 CEST.
Flavor | Version | Tinstall | Tcheck | Ttotal | Status | Flags |
---|---|---|---|---|---|---|
r-devel-linux-x86_64-debian-clang | 1.2.2 | 9.13 | 370.22 | 379.35 | OK | |
r-devel-linux-x86_64-debian-gcc | 1.2.2 | OK | ||||
r-devel-linux-x86_64-fedora-clang | 1.2.2 | 464.51 | NOTE | |||
r-devel-linux-x86_64-fedora-gcc | 1.2.2 | 428.98 | OK | |||
r-prerel-macos-arm64 | 1.2.2 | 111.00 | NOTE | |||
r-prerel-windows-x86_64 | 1.2.2 | 8.00 | 389.00 | 397.00 | NOTE | |
r-patched-linux-x86_64 | 1.2.2 | 12.09 | 367.33 | 379.42 | OK | |
r-release-linux-x86_64 | 1.2.2 | 9.82 | 360.12 | 369.94 | OK | |
r-release-macos-arm64 | 1.2.2 | 123.00 | NOTE | |||
r-release-macos-x86_64 | 1.2.2 | 167.00 | NOTE | |||
r-release-windows-x86_64 | 1.2.2 | 11.00 | 460.00 | 471.00 | NOTE | |
r-oldrel-macos-arm64 | 1.2.2 | 120.00 | NOTE | |||
r-oldrel-windows-x86_64 | 1.2.2 | 12.00 | 452.00 | 464.00 | NOTE |
Version: 1.2.2
Check: installed package size
Result: NOTE
installed size is 5.3Mb
sub-directories of 1Mb or more:
data 1.2Mb
doc 3.5Mb
Flavors: r-devel-linux-x86_64-fedora-clang, r-prerel-macos-arm64, r-prerel-windows-x86_64, r-release-macos-arm64, r-release-macos-x86_64, r-release-windows-x86_64, r-oldrel-macos-arm64, r-oldrel-windows-x86_64
Version: 1.2.2
Check: package dependencies
Result: NOTE
Package suggested but not available for checking: ‘DescTools’
Flavor: r-release-macos-x86_64