CRAN Package Check Results for Package MBCbook

Last updated on 2023-09-24 00:56:46 CEST.

Flavor Version Tinstall Tcheck Ttotal Status Flags
r-devel-linux-x86_64-debian-clang 0.1.1 4.42 57.29 61.71 OK
r-devel-linux-x86_64-debian-gcc 0.1.1 3.60 48.44 52.04 OK
r-devel-linux-x86_64-fedora-clang 0.1.1 74.31 NOTE
r-devel-linux-x86_64-fedora-gcc 0.1.1 77.77 NOTE
r-devel-windows-x86_64 0.1.1 6.00 68.00 74.00 OK
r-patched-linux-x86_64 0.1.1 3.07 55.18 58.25 OK
r-release-linux-x86_64 0.1.1 3.98 55.24 59.22 OK
r-release-macos-arm64 0.1.1 28.00 OK
r-release-macos-x86_64 0.1.1 42.00 OK
r-release-windows-x86_64 0.1.1 7.00 74.00 81.00 OK
r-oldrel-macos-arm64 0.1.1 31.00 OK
r-oldrel-macos-x86_64 0.1.1 37.00 NOTE
r-oldrel-windows-x86_64 0.1.1 7.00 81.00 88.00 OK

Check Details

Version: 0.1.1
Check: data for non-ASCII characters
Result: NOTE
     Note: found 66 marked UTF-8 strings
Flavors: r-devel-linux-x86_64-fedora-clang, r-devel-linux-x86_64-fedora-gcc, r-oldrel-macos-x86_64