Last updated on 2024-04-19 16:58:47 CEST.
Flavor | Version | Tinstall | Tcheck | Ttotal | Status | Flags |
---|---|---|---|---|---|---|
r-devel-linux-x86_64-debian-clang | 0.1.4.2 | 32.87 | 183.93 | 216.80 | OK | |
r-devel-linux-x86_64-debian-gcc | 0.1.4.2 | OK | ||||
r-devel-linux-x86_64-fedora-clang | 0.1.4.2 | 294.52 | OK | |||
r-devel-linux-x86_64-fedora-gcc | 0.1.4.2 | 436.39 | OK | |||
r-prerel-macos-arm64 | 0.1.4.2 | 124.00 | NOTE | |||
r-prerel-windows-x86_64 | 0.1.4.2 | 27.00 | 150.00 | 177.00 | OK | |
r-patched-linux-x86_64 | 0.1.4.2 | 22.33 | 194.37 | 216.70 | OK | |
r-release-linux-x86_64 | 0.1.4.2 | 22.20 | 192.92 | 215.12 | OK | |
r-release-macos-arm64 | 0.1.4.2 | 132.00 | NOTE | |||
r-release-macos-x86_64 | 0.1.4.2 | 299.00 | NOTE | |||
r-release-windows-x86_64 | 0.1.4.2 | 36.00 | 192.00 | 228.00 | OK | |
r-oldrel-macos-arm64 | 0.1.4.2 | 134.00 | NOTE | |||
r-oldrel-windows-x86_64 | 0.1.4.2 | 39.00 | 190.00 | 229.00 | OK |
Version: 0.1.4.2
Check: installed package size
Result: NOTE
installed size is 5.1Mb
sub-directories of 1Mb or more:
R 1.1Mb
data 3.9Mb
Flavors: r-prerel-macos-arm64, r-release-macos-arm64, r-release-macos-x86_64, r-oldrel-macos-arm64