Last updated on 2023-12-02 16:49:19 CET.
Flavor | Version | Tinstall | Tcheck | Ttotal | Status | Flags |
---|---|---|---|---|---|---|
r-devel-linux-x86_64-debian-clang | 1.1 | 30.78 | 113.34 | 144.12 | OK | |
r-devel-linux-x86_64-debian-gcc | 1.1 | 21.83 | 81.62 | 103.45 | OK | |
r-devel-linux-x86_64-fedora-clang | 1.1 | 181.53 | NOTE | |||
r-devel-linux-x86_64-fedora-gcc | 1.1 | 177.43 | NOTE | |||
r-devel-windows-x86_64 | 1.1 | 27.00 | 117.00 | 144.00 | OK | |
r-patched-linux-x86_64 | 1.1 | 29.32 | 104.68 | 134.00 | OK | |
r-release-linux-x86_64 | 1.1 | 25.77 | 102.86 | 128.63 | OK | |
r-release-macos-arm64 | 1.1 | 47.00 | OK | |||
r-release-macos-x86_64 | 1.1 | 72.00 | OK | |||
r-release-windows-x86_64 | 1.1 | 33.00 | 136.00 | 169.00 | OK | |
r-oldrel-macos-arm64 | 1.1 | 48.00 | OK | |||
r-oldrel-macos-x86_64 | 1.1 | 69.00 | OK | |||
r-oldrel-windows-x86_64 | 1.1 | 31.00 | 134.00 | 165.00 | OK |
Version: 1.1
Check: dependencies in R code
Result: NOTE
Namespace in Imports field not imported from: ‘Rdpack’
All declared Imports should be used.
Flavors: r-devel-linux-x86_64-fedora-clang, r-devel-linux-x86_64-fedora-gcc