Last updated on 2023-05-28 16:57:54 CEST.
Flavor | Version | Tinstall | Tcheck | Ttotal | Status | Flags |
---|---|---|---|---|---|---|
r-devel-linux-x86_64-debian-clang | 1.6-3 | 924.73 | 159.07 | 1083.80 | NOTE | |
r-devel-linux-x86_64-debian-gcc | 1.6-3 | 366.68 | 122.74 | 489.42 | WARN | |
r-devel-linux-x86_64-fedora-clang | 1.6-3 | 1228.52 | NOTE | |||
r-devel-linux-x86_64-fedora-gcc | 1.6-3 | 940.08 | NOTE | |||
r-devel-windows-x86_64 | 1.6-3 | 290.00 | 170.00 | 460.00 | WARN | |
r-patched-linux-x86_64 | 1.6-3 | 386.91 | 155.12 | 542.03 | NOTE | |
r-release-linux-x86_64 | 1.6-3 | 376.91 | 157.55 | 534.46 | NOTE | |
r-release-macos-arm64 | 1.6-3 | 255.00 | NOTE | |||
r-release-macos-x86_64 | 1.6-3 | 479.00 | NOTE | |||
r-release-windows-x86_64 | 1.6-3 | 381.00 | 211.00 | 592.00 | WARN | |
r-oldrel-macos-arm64 | 1.6-3 | 267.00 | NOTE | |||
r-oldrel-macos-x86_64 | 1.6-3 | 282.00 | NOTE | |||
r-oldrel-windows-x86_64 | 1.6-3 | 344.00 | 171.00 | 515.00 | OK |
Version: 1.6-3
Check: C++ specification
Result: NOTE
Specified C++11: please drop specification unless essential
Flavors: r-devel-linux-x86_64-debian-clang, r-devel-linux-x86_64-debian-gcc, r-devel-linux-x86_64-fedora-clang, r-devel-linux-x86_64-fedora-gcc, r-devel-windows-x86_64, r-patched-linux-x86_64, r-release-linux-x86_64, r-release-macos-arm64, r-release-macos-x86_64, r-release-windows-x86_64
Version: 1.6-3
Check: whether package can be installed
Result: WARN
Found the following significant warnings:
datablock.h:124:42: warning: pointer used after ‘void operator delete(void*)’ [-Wuse-after-free]
See ‘/home/hornik/tmp/R.check/r-devel-gcc/Work/PKGS/MCMCpack.Rcheck/00install.out’ for details.
* used C compiler: ‘gcc-12 (Debian 12.2.0-14) 12.2.0’
* used C++ compiler: ‘g++-12 (Debian 12.2.0-14) 12.2.0’
Flavor: r-devel-linux-x86_64-debian-gcc
Version: 1.6-3
Check: installed package size
Result: NOTE
installed size is 6.9Mb
sub-directories of 1Mb or more:
libs 5.7Mb
Flavors: r-devel-linux-x86_64-fedora-clang, r-release-macos-arm64, r-release-macos-x86_64, r-oldrel-macos-arm64, r-oldrel-macos-x86_64
Version: 1.6-3
Check: whether package can be installed
Result: WARN
Found the following significant warnings:
datablock.h:124:42: warning: pointer used after 'void operator delete(void*)' [-Wuse-after-free]
See 'd:/Rcompile/CRANpkg/local/4.4/MCMCpack.Rcheck/00install.out' for details.
* used C compiler: 'gcc.exe (GCC) 12.2.0'
* used C++ compiler: 'g++.exe (GCC) 12.2.0'
Flavor: r-devel-windows-x86_64
Version: 1.6-3
Check: whether package can be installed
Result: WARN
Found the following significant warnings:
datablock.h:124:42: warning: pointer used after 'void operator delete(void*)' [-Wuse-after-free]
See 'd:/Rcompile/CRANpkg/local/4.3/MCMCpack.Rcheck/00install.out' for details.
* used C compiler: 'gcc.exe (GCC) 12.2.0'
* used C++ compiler: 'g++.exe (GCC) 12.2.0'
Flavor: r-release-windows-x86_64