CRAN Package Check Results for Package MCPModPack

Last updated on 2022-09-28 00:52:46 CEST.

Flavor Version Tinstall Tcheck Ttotal Status Flags
r-devel-linux-x86_64-debian-clang 0.4 41.34 80.23 121.57 OK
r-devel-linux-x86_64-debian-gcc 0.4 40.14 57.41 97.55 OK
r-devel-linux-x86_64-fedora-clang 0.4 182.28 OK
r-devel-linux-x86_64-fedora-gcc 0.4 174.95 OK
r-devel-windows-x86_64 0.4 54.00 125.00 179.00 OK
r-patched-linux-x86_64 0.4 41.56 76.94 118.50 OK
r-release-linux-x86_64 0.4 45.43 76.71 122.14 OK
r-release-macos-arm64 0.4 44.00 NOTE
r-release-macos-x86_64 0.4 84.00 NOTE
r-release-windows-x86_64 0.4 128.00 124.00 252.00 OK
r-oldrel-macos-arm64 0.4 43.00 NOTE
r-oldrel-macos-x86_64 0.4 66.00 NOTE
r-oldrel-windows-ix86+x86_64 0.4 105.00 155.00 260.00 OK

Check Details

Version: 0.4
Check: installed package size
Result: NOTE
     installed size is 6.0Mb
     sub-directories of 1Mb or more:
     libs 5.4Mb
Flavors: r-release-macos-arm64, r-release-macos-x86_64, r-oldrel-macos-arm64, r-oldrel-macos-x86_64