Last updated on 2024-03-27 23:59:49 CET.
Flavor | Version | Tinstall | Tcheck | Ttotal | Status | Flags |
---|---|---|---|---|---|---|
r-devel-linux-x86_64-debian-clang | 1.3.7 | 45.51 | 204.00 | 249.51 | NOTE | |
r-devel-linux-x86_64-debian-gcc | 1.3.7 | 36.64 | 153.20 | 189.84 | NOTE | |
r-devel-linux-x86_64-fedora-clang | 1.3.7 | 326.50 | NOTE | |||
r-devel-linux-x86_64-fedora-gcc | 1.3.7 | 320.92 | NOTE | |||
r-devel-windows-x86_64 | 1.3.7 | 36.00 | 215.00 | 251.00 | OK | |
r-patched-linux-x86_64 | 1.3.7 | 43.70 | 200.33 | 244.03 | NOTE | |
r-release-linux-x86_64 | 1.3.7 | 30.43 | 199.94 | 230.37 | NOTE | |
r-release-macos-arm64 | 1.3.7 | 124.00 | OK | |||
r-release-macos-x86_64 | 1.3.7 | 187.00 | OK | |||
r-release-windows-x86_64 | 1.3.7 | 51.00 | 284.00 | 335.00 | OK | |
r-oldrel-macos-arm64 | 1.3.7 | 109.00 | OK | |||
r-oldrel-windows-x86_64 | 1.3.7 | 49.00 | 285.00 | 334.00 | OK |
Version: 1.3.7
Check: for non-standard things in the check directory
Result: NOTE
Found the following files/directories:
‘Data_Correlation.txt’ ‘correlation_FDR_table.txt’
Flavors: r-devel-linux-x86_64-debian-clang, r-devel-linux-x86_64-debian-gcc, r-devel-linux-x86_64-fedora-clang, r-devel-linux-x86_64-fedora-gcc, r-patched-linux-x86_64, r-release-linux-x86_64