Last updated on 2023-12-04 00:52:47 CET.
Flavor | Version | Tinstall | Tcheck | Ttotal | Status | Flags |
---|---|---|---|---|---|---|
r-devel-linux-x86_64-debian-clang | 0.5.1 | 37.18 | 48.37 | 85.55 | NOTE | |
r-devel-linux-x86_64-debian-gcc | 0.5.1 | 24.89 | 37.46 | 62.35 | NOTE | |
r-devel-linux-x86_64-fedora-clang | 0.5.1 | 124.34 | NOTE | |||
r-devel-linux-x86_64-fedora-gcc | 0.5.1 | 127.41 | NOTE | |||
r-devel-windows-x86_64 | 0.5.1 | 29.00 | 79.00 | 108.00 | NOTE | |
r-patched-linux-x86_64 | 0.5.1 | 32.47 | 46.63 | 79.10 | OK | |
r-release-linux-x86_64 | 0.5.1 | 29.73 | 48.11 | 77.84 | OK | |
r-release-macos-arm64 | 0.5.1 | 44.00 | OK | |||
r-release-macos-x86_64 | 0.5.1 | 71.00 | OK | |||
r-release-windows-x86_64 | 0.5.1 | 31.00 | 91.00 | 122.00 | OK | |
r-oldrel-macos-arm64 | 0.5.1 | 38.00 | OK | |||
r-oldrel-macos-x86_64 | 0.5.1 | 46.00 | OK | |||
r-oldrel-windows-x86_64 | 0.5.1 | 43.00 | 128.00 | 171.00 | OK |
Version: 0.5.1
Check: Rd contents
Result: NOTE
Auto-generated content requiring editing in Rd file 'MIDASwrappeR-package.Rd':
\references: ‘This optional section can contain literature or other refere...’
\seealso: ‘Optional links to other man pages’
\examples: ‘## Optional simple examples of the most important functions ...’
Flavors: r-devel-linux-x86_64-debian-clang, r-devel-linux-x86_64-debian-gcc, r-devel-linux-x86_64-fedora-clang, r-devel-linux-x86_64-fedora-gcc, r-devel-windows-x86_64