Last updated on 2023-06-05 09:54:06 CEST.
Flavor | Version | Tinstall | Tcheck | Ttotal | Status | Flags |
---|---|---|---|---|---|---|
r-devel-linux-x86_64-debian-clang | 0.1.0 | 924.75 | 227.05 | 1151.80 | NOTE | |
r-devel-linux-x86_64-debian-gcc | 0.1.0 | 842.14 | 217.19 | 1059.33 | NOTE | |
r-devel-linux-x86_64-fedora-clang | 0.1.0 | 1362.19 | NOTE | |||
r-devel-linux-x86_64-fedora-gcc | 0.1.0 | 1912.21 | NOTE | |||
r-devel-windows-x86_64 | 0.1.0 | 643.00 | 281.00 | 924.00 | NOTE | |
r-patched-linux-x86_64 | 0.1.0 | 699.10 | 284.86 | 983.96 | NOTE | |
r-release-linux-x86_64 | 0.1.0 | 673.99 | 280.13 | 954.12 | NOTE | |
r-release-macos-arm64 | 0.1.0 | 447.00 | NOTE | |||
r-release-macos-x86_64 | 0.1.0 | 708.00 | NOTE | |||
r-release-windows-x86_64 | 0.1.0 | 871.00 | 340.00 | 1211.00 | NOTE | |
r-oldrel-macos-arm64 | 0.1.0 | 415.00 | NOTE | |||
r-oldrel-macos-x86_64 | 0.1.0 | 650.00 | NOTE | |||
r-oldrel-windows-x86_64 | 0.1.0 | 811.00 | 300.00 | 1111.00 | NOTE |
Version: 0.1.0
Check: for GNU extensions in Makefiles
Result: NOTE
GNU make is a SystemRequirements.
Flavors: r-devel-linux-x86_64-debian-clang, r-devel-linux-x86_64-debian-gcc, r-devel-linux-x86_64-fedora-clang, r-devel-linux-x86_64-fedora-gcc, r-devel-windows-x86_64, r-patched-linux-x86_64, r-release-linux-x86_64, r-release-macos-arm64, r-release-macos-x86_64, r-release-windows-x86_64, r-oldrel-macos-arm64, r-oldrel-macos-x86_64, r-oldrel-windows-x86_64
Version: 0.1.0
Check: installed package size
Result: NOTE
installed size is 9.0Mb
sub-directories of 1Mb or more:
libs 8.4Mb
Flavors: r-devel-linux-x86_64-fedora-clang, r-devel-windows-x86_64, r-release-macos-arm64, r-release-macos-x86_64, r-release-windows-x86_64, r-oldrel-macos-arm64, r-oldrel-macos-x86_64, r-oldrel-windows-x86_64
Version: 0.1.0
Check: dependencies in R code
Result: NOTE
Namespaces in Imports field not imported from:
‘pracma’ ‘rstantools’
All declared Imports should be used.
Flavors: r-devel-linux-x86_64-fedora-clang, r-devel-linux-x86_64-fedora-gcc, r-oldrel-macos-arm64, r-oldrel-macos-x86_64