Last updated on 2023-12-09 00:52:44 CET.
Flavor | Version | Tinstall | Tcheck | Ttotal | Status | Flags |
---|---|---|---|---|---|---|
r-devel-linux-x86_64-debian-clang | 0.1.0 | 890.37 | 264.07 | 1154.44 | NOTE | |
r-devel-linux-x86_64-debian-gcc | 0.1.0 | 859.40 | 252.19 | 1111.59 | NOTE | |
r-devel-linux-x86_64-fedora-clang | 0.1.0 | 1633.87 | NOTE | |||
r-devel-linux-x86_64-fedora-gcc | 0.1.0 | 2142.02 | NOTE | |||
r-devel-windows-x86_64 | 0.1.0 | 754.00 | 312.00 | 1066.00 | NOTE | |
r-patched-linux-x86_64 | 0.1.0 | 743.20 | 344.04 | 1087.24 | NOTE | |
r-release-linux-x86_64 | 0.1.0 | 752.32 | 324.69 | 1077.01 | NOTE | |
r-release-macos-arm64 | 0.1.0 | 447.00 | NOTE | |||
r-release-macos-x86_64 | 0.1.0 | 708.00 | NOTE | |||
r-release-windows-x86_64 | 0.1.0 | 950.00 | 352.00 | 1302.00 | NOTE | |
r-oldrel-macos-arm64 | 0.1.0 | 415.00 | NOTE | |||
r-oldrel-macos-x86_64 | 0.1.0 | 650.00 | NOTE | |||
r-oldrel-windows-x86_64 | 0.1.0 | 900.00 | 317.00 | 1217.00 | NOTE |
Version: 0.1.0
Check: for GNU extensions in Makefiles
Result: NOTE
GNU make is a SystemRequirements.
Flavors: r-devel-linux-x86_64-debian-clang, r-devel-linux-x86_64-debian-gcc, r-devel-linux-x86_64-fedora-clang, r-devel-linux-x86_64-fedora-gcc, r-devel-windows-x86_64, r-patched-linux-x86_64, r-release-linux-x86_64, r-release-macos-arm64, r-release-macos-x86_64, r-release-windows-x86_64, r-oldrel-macos-arm64, r-oldrel-macos-x86_64, r-oldrel-windows-x86_64
Version: 0.1.0
Check: installed package size
Result: NOTE
installed size is 10.2Mb
sub-directories of 1Mb or more:
libs 9.5Mb
Flavors: r-devel-linux-x86_64-fedora-clang, r-devel-windows-x86_64, r-release-macos-arm64, r-release-macos-x86_64, r-release-windows-x86_64, r-oldrel-macos-arm64, r-oldrel-macos-x86_64, r-oldrel-windows-x86_64
Version: 0.1.0
Check: dependencies in R code
Result: NOTE
Namespaces in Imports field not imported from:
‘pracma’ ‘rstantools’
All declared Imports should be used.
Flavors: r-devel-linux-x86_64-fedora-clang, r-devel-linux-x86_64-fedora-gcc, r-oldrel-macos-arm64, r-oldrel-macos-x86_64