Last updated on 2024-03-28 23:55:12 CET.
Flavor | Version | Tinstall | Tcheck | Ttotal | Status | Flags |
---|---|---|---|---|---|---|
r-devel-linux-x86_64-debian-clang | 1.9 | 8.42 | 113.27 | 121.69 | OK | |
r-devel-linux-x86_64-debian-gcc | 1.9 | 8.93 | 83.84 | 92.77 | OK | |
r-devel-linux-x86_64-fedora-clang | 1.9 | 174.40 | NOTE | |||
r-devel-linux-x86_64-fedora-gcc | 1.9 | 157.42 | OK | |||
r-devel-windows-x86_64 | 1.9 | 11.00 | 115.00 | 126.00 | OK | |
r-patched-linux-x86_64 | 1.9 | 15.72 | 110.13 | 125.85 | OK | |
r-release-linux-x86_64 | 1.9 | 10.15 | 105.39 | 115.54 | OK | |
r-release-macos-arm64 | 1.9 | 51.00 | OK | |||
r-release-macos-x86_64 | 1.9 | 88.00 | NOTE | |||
r-release-windows-x86_64 | 1.9 | 14.00 | 127.00 | 141.00 | OK | |
r-oldrel-macos-arm64 | 1.9 | 53.00 | OK | |||
r-oldrel-windows-x86_64 | 1.9 | 15.00 | 130.00 | 145.00 | OK |
Version: 1.9
Check: Rd cross-references
Result: NOTE
Undeclared packages ‘rms’, ‘Hmisc’, ‘genefilter’ in Rd xrefs
Flavor: r-devel-linux-x86_64-fedora-clang
Version: 1.9
Check: Rd cross-references
Result: NOTE
Package unavailable to check Rd xrefs: ‘genefilter’
Flavor: r-release-macos-x86_64