CRAN Package Check Results for Package ML2Pvae

Last updated on 2024-02-21 00:54:33 CET.

Flavor Version Tinstall Tcheck Ttotal Status Flags
r-devel-linux-x86_64-debian-clang 1.0.0.1 OK
r-devel-linux-x86_64-debian-gcc 1.0.0.1 2.24 25.20 27.44 OK
r-devel-linux-x86_64-fedora-clang 1.0.0.1 45.55 NOTE
r-devel-linux-x86_64-fedora-gcc 1.0.0.1 54.94 NOTE
r-devel-windows-x86_64 1.0.0.1 3.00 50.00 53.00 OK
r-patched-linux-x86_64 1.0.0.1 2.60 32.46 35.06 OK
r-release-linux-x86_64 1.0.0.1 2.05 32.36 34.41 OK
r-release-macos-arm64 1.0.0.1 28.00 OK
r-release-macos-x86_64 1.0.0.1 33.00 OK
r-release-windows-x86_64 1.0.0.1 5.00 52.00 57.00 OK
r-oldrel-macos-arm64 1.0.0.1 20.00 NOTE
r-oldrel-windows-x86_64 1.0.0.1 5.00 53.00 58.00 OK

Additional issues

donttest

Check Details

Version: 1.0.0.1
Check: dependencies in R code
Result: NOTE Namespace in Imports field not imported from: ‘reticulate’ All declared Imports should be used. Flavors: r-devel-linux-x86_64-fedora-clang, r-devel-linux-x86_64-fedora-gcc, r-oldrel-macos-arm64