CRAN Package Check Results for Package MLEcens

Last updated on 2024-02-24 16:48:26 CET.

Flavor Version Tinstall Tcheck Ttotal Status Flags
r-devel-linux-x86_64-debian-clang 0.1-7 7.16 31.13 38.29 NOTE
r-devel-linux-x86_64-debian-gcc 0.1-7 4.59 24.17 28.76 NOTE
r-devel-linux-x86_64-fedora-clang 0.1-7 49.44 NOTE
r-devel-linux-x86_64-fedora-gcc 0.1-7 47.89 NOTE
r-devel-windows-x86_64 0.1-7 8.00 56.00 64.00 OK
r-patched-linux-x86_64 0.1-7 6.96 32.94 39.90 OK
r-release-linux-x86_64 0.1-7 6.11 32.68 38.79 OK
r-release-macos-arm64 0.1-7 21.00 OK
r-release-macos-x86_64 0.1-7 30.00 OK
r-release-windows-x86_64 0.1-7 10.00 52.00 62.00 OK
r-oldrel-macos-arm64 0.1-7 19.00 OK
r-oldrel-windows-x86_64 0.1-7 25.00 58.00 83.00 OK

Check Details

Version: 0.1-7
Check: Rd files
Result: NOTE checkRd: (-1) real2canon.rd:9: Lost braces; missing escapes or markup? 9 | (2) All x-coordinates of R1',..,Rn' are distinct, and take values in {1,..,2n}. | ^ checkRd: (-1) real2canon.rd:10: Lost braces; missing escapes or markup? 10 | (3) All y-coordinates of R1',..,Rn' are distinct, and take values in {1,..,2n}. | ^ Flavors: r-devel-linux-x86_64-debian-clang, r-devel-linux-x86_64-debian-gcc, r-devel-linux-x86_64-fedora-clang, r-devel-linux-x86_64-fedora-gcc