Last updated on 2024-04-19 01:04:42 CEST.
Flavor | Version | Tinstall | Tcheck | Ttotal | Status | Flags |
---|---|---|---|---|---|---|
r-devel-linux-x86_64-debian-clang | 3.0.2 | 101.70 | 103.34 | 205.04 | OK | |
r-devel-linux-x86_64-debian-gcc | 3.0.2 | 78.63 | 81.95 | 160.58 | OK | |
r-devel-linux-x86_64-fedora-clang | 3.0.2 | 244.31 | OK | |||
r-devel-linux-x86_64-fedora-gcc | 3.0.2 | 278.91 | OK | |||
r-prerel-macos-arm64 | 3.0.2 | 63.00 | NOTE | |||
r-prerel-windows-x86_64 | 3.0.2 | 69.00 | 106.00 | 175.00 | OK | |
r-patched-linux-x86_64 | 3.0.2 | 99.55 | 105.50 | 205.05 | OK | |
r-release-linux-x86_64 | 3.0.2 | 98.34 | 105.98 | 204.32 | OK | |
r-release-macos-arm64 | 3.0.2 | 73.00 | NOTE | |||
r-release-macos-x86_64 | 3.0.2 | 115.00 | NOTE | |||
r-release-windows-x86_64 | 3.0.2 | 87.00 | 138.00 | 225.00 | OK | |
r-oldrel-macos-arm64 | 3.0.2 | 98.00 | NOTE | |||
r-oldrel-windows-x86_64 | 3.0.2 | 79.00 | 132.00 | 211.00 | OK |
Version: 3.0.2
Check: installed package size
Result: NOTE
installed size is 28.5Mb
sub-directories of 1Mb or more:
libs 27.8Mb
Flavors: r-prerel-macos-arm64, r-release-macos-arm64, r-release-macos-x86_64, r-oldrel-macos-arm64