Last updated on 2024-04-23 01:06:19 CEST.
Flavor | Version | Tinstall | Tcheck | Ttotal | Status | Flags |
---|---|---|---|---|---|---|
r-devel-linux-x86_64-debian-clang | 1.0.0 | 4.04 | 72.72 | 76.76 | NOTE | |
r-devel-linux-x86_64-debian-gcc | 1.0.0 | 2.86 | 53.51 | 56.37 | NOTE | |
r-devel-linux-x86_64-fedora-clang | 1.0.0 | 94.39 | NOTE | |||
r-devel-linux-x86_64-fedora-gcc | 1.0.0 | 101.48 | NOTE | |||
r-prerel-macos-arm64 | 1.0.0 | 33.00 | NOTE | |||
r-prerel-windows-x86_64 | 1.0.0 | 4.00 | 69.00 | 73.00 | NOTE | |
r-patched-linux-x86_64 | 1.0.0 | 3.09 | 68.73 | 71.82 | NOTE | |
r-release-linux-x86_64 | 1.0.0 | 3.16 | 67.84 | 71.00 | NOTE | |
r-release-macos-arm64 | 1.0.0 | 33.00 | NOTE | |||
r-release-macos-x86_64 | 1.0.0 | 57.00 | NOTE | |||
r-release-windows-x86_64 | 1.0.0 | 5.00 | 83.00 | 88.00 | NOTE | |
r-oldrel-macos-arm64 | 1.0.0 | 29.00 | NOTE | |||
r-oldrel-windows-x86_64 | 1.0.0 | 5.00 | 88.00 | 93.00 | NOTE |
Version: 1.0.0
Check: Rd files
Result: NOTE
checkRd: (-1) MMD_attr.Rd:62: Lost braces; missing escapes or markup?
62 | \item Probability of attribution of each unknown individual to each source $p_{u,s}$
| ^
Flavors: r-devel-linux-x86_64-debian-clang, r-devel-linux-x86_64-debian-gcc, r-devel-linux-x86_64-fedora-clang, r-devel-linux-x86_64-fedora-gcc, r-prerel-macos-arm64, r-prerel-windows-x86_64, r-patched-linux-x86_64
Version: 1.0.0
Check: LazyData
Result: NOTE
'LazyData' is specified without a 'data' directory
Flavors: r-devel-linux-x86_64-debian-clang, r-devel-linux-x86_64-debian-gcc, r-devel-linux-x86_64-fedora-clang, r-devel-linux-x86_64-fedora-gcc, r-prerel-macos-arm64, r-prerel-windows-x86_64, r-patched-linux-x86_64, r-release-linux-x86_64, r-release-macos-arm64, r-release-macos-x86_64, r-release-windows-x86_64, r-oldrel-macos-arm64, r-oldrel-windows-x86_64