CRAN Package Check Results for Package MPBoost

Last updated on 2023-05-28 23:14:04 CEST.

Flavor Version Tinstall Tcheck Ttotal Status Flags
r-devel-linux-x86_64-debian-clang 0.1-5 24.08 41.88 65.96 NOTE
r-devel-linux-x86_64-debian-gcc 0.1-5 20.18 33.24 53.42 NOTE
r-devel-linux-x86_64-fedora-clang 0.1-5 97.02 NOTE
r-devel-linux-x86_64-fedora-gcc 0.1-5 111.55 NOTE
r-devel-windows-x86_64 0.1-5 23.00 96.00 119.00 NOTE
r-patched-linux-x86_64 0.1-5 24.89 41.56 66.45 NOTE
r-release-linux-x86_64 0.1-5 22.33 41.58 63.91 NOTE
r-release-macos-arm64 0.1-5 38.00 NOTE
r-release-macos-x86_64 0.1-5 51.00 NOTE
r-release-windows-x86_64 0.1-5 24.00 89.00 113.00 NOTE
r-oldrel-macos-arm64 0.1-5 36.00 OK
r-oldrel-macos-x86_64 0.1-5 42.00 OK
r-oldrel-windows-x86_64 0.1-5 27.00 87.00 114.00 OK

Check Details

Version: 0.1-5
Check: C++ specification
Result: NOTE
     Specified C++11: please drop specification unless essential
Flavors: r-devel-linux-x86_64-debian-clang, r-devel-linux-x86_64-debian-gcc, r-devel-linux-x86_64-fedora-clang, r-devel-linux-x86_64-fedora-gcc, r-devel-windows-x86_64, r-patched-linux-x86_64, r-release-linux-x86_64, r-release-macos-arm64, r-release-macos-x86_64, r-release-windows-x86_64