Last updated on 2023-12-07 16:49:38 CET.
Flavor | Version | Tinstall | Tcheck | Ttotal | Status | Flags |
---|---|---|---|---|---|---|
r-devel-linux-x86_64-debian-clang | 1.0.0 | 2.45 | 29.86 | 32.31 | NOTE | |
r-devel-linux-x86_64-debian-gcc | 1.0.0 | 2.17 | 23.68 | 25.85 | NOTE | |
r-devel-linux-x86_64-fedora-clang | 1.0.0 | 41.54 | NOTE | |||
r-devel-linux-x86_64-fedora-gcc | 1.0.0 | 50.88 | NOTE | |||
r-devel-windows-x86_64 | 1.0.0 | 4.00 | 48.00 | 52.00 | NOTE | |
r-patched-linux-x86_64 | 1.0.0 | 1.83 | 29.65 | 31.48 | NOTE | |
r-release-linux-x86_64 | 1.0.0 | 1.87 | 29.26 | 31.13 | NOTE | |
r-release-macos-arm64 | 1.0.0 | 25.00 | NOTE | |||
r-release-macos-x86_64 | 1.0.0 | 33.00 | NOTE | |||
r-release-windows-x86_64 | 1.0.0 | 5.00 | 50.00 | 55.00 | NOTE | |
r-oldrel-macos-arm64 | 1.0.0 | 21.00 | OK | |||
r-oldrel-macos-x86_64 | 1.0.0 | 31.00 | OK | |||
r-oldrel-windows-x86_64 | 1.0.0 | 5.00 | 52.00 | 57.00 | OK |
Version: 1.0.0
Check: Rd files
Result: NOTE
checkRd: (-1) genotype_data.Rd:7: Escaped LaTeX specials: \_
checkRd: (-1) genotype_data.Rd:18: Escaped LaTeX specials: \_
checkRd: (-1) phenotype_data.Rd:15: Escaped LaTeX specials: \_
Flavors: r-devel-linux-x86_64-debian-clang, r-devel-linux-x86_64-debian-gcc, r-devel-linux-x86_64-fedora-clang, r-devel-linux-x86_64-fedora-gcc, r-devel-windows-x86_64, r-patched-linux-x86_64, r-release-linux-x86_64, r-release-macos-arm64, r-release-macos-x86_64, r-release-windows-x86_64