Last updated on 2024-04-18 08:54:37 CEST.
Flavor | Version | Tinstall | Tcheck | Ttotal | Status | Flags |
---|---|---|---|---|---|---|
r-devel-linux-x86_64-debian-clang | 1.1 | 8.43 | 66.60 | 75.03 | NOTE | |
r-devel-linux-x86_64-debian-gcc | 1.1 | 5.87 | 49.80 | 55.67 | NOTE | |
r-devel-linux-x86_64-fedora-clang | 1.1 | 90.50 | NOTE | |||
r-devel-linux-x86_64-fedora-gcc | 1.1 | 86.73 | NOTE | |||
r-prerel-macos-arm64 | 1.1 | 30.00 | NOTE | |||
r-prerel-windows-x86_64 | 1.1 | 6.00 | 65.00 | 71.00 | NOTE | |
r-patched-linux-x86_64 | 1.1 | 6.58 | 63.27 | 69.85 | NOTE | |
r-release-linux-x86_64 | 1.1 | 6.38 | 65.03 | 71.41 | OK | |
r-release-macos-arm64 | 1.1 | 36.00 | OK | |||
r-release-macos-x86_64 | 1.1 | 49.00 | OK | |||
r-release-windows-x86_64 | 1.1 | 8.00 | 74.00 | 82.00 | OK | |
r-oldrel-macos-arm64 | 1.1 | 32.00 | OK | |||
r-oldrel-windows-x86_64 | 1.1 | 9.00 | 80.00 | 89.00 | OK |
Version: 1.1
Check: Rd metadata
Result: NOTE
Rd files without \alias:
‘MPLikelihoodWB-package.Rd’
Flavors: r-devel-linux-x86_64-debian-clang, r-devel-linux-x86_64-debian-gcc, r-devel-linux-x86_64-fedora-clang, r-devel-linux-x86_64-fedora-gcc, r-prerel-macos-arm64, r-prerel-windows-x86_64, r-patched-linux-x86_64