CRAN Package Check Results for Package MRFcov

Last updated on 2021-10-21 08:50:57 CEST.

Flavor Version Tinstall Tcheck Ttotal Status Flags
r-devel-linux-x86_64-debian-clang 1.0.38 10.49 165.62 176.11 OK
r-devel-linux-x86_64-debian-gcc 1.0.38 9.54 124.86 134.40 OK
r-devel-linux-x86_64-fedora-clang 1.0.38 219.42 OK
r-devel-linux-x86_64-fedora-gcc 1.0.38 209.05 OK
r-devel-windows-x86_64 1.0.38 17.00 212.00 229.00 OK
r-devel-windows-x86_64-gcc10-UCRT 1.0.38 ERROR
r-patched-linux-x86_64 1.0.38 10.72 164.04 174.76 OK
r-patched-solaris-x86 1.0.38 224.80 OK
r-release-linux-x86_64 1.0.38 11.48 163.07 174.55 OK
r-release-macos-arm64 1.0.38 OK
r-release-macos-x86_64 1.0.38 OK
r-release-windows-ix86+x86_64 1.0.38 17.00 211.00 228.00 OK
r-oldrel-macos-x86_64 1.0.38 OK
r-oldrel-windows-ix86+x86_64 1.0.38 25.00 213.00 238.00 OK

Check Details

Version: 1.0.38
Check: package dependencies
Result: ERROR
    Package required but not available: 'igraph'
    
    See section 'The DESCRIPTION file' in the 'Writing R Extensions'
    manual.
Flavor: r-devel-windows-x86_64-gcc10-UCRT