Last updated on 2023-06-05 16:55:00 CEST.
Flavor | Version | Tinstall | Tcheck | Ttotal | Status | Flags |
---|---|---|---|---|---|---|
r-devel-linux-x86_64-debian-clang | 2.51 | 400.09 | 427.89 | 827.98 | OK | |
r-devel-linux-x86_64-debian-gcc | 2.51 | 336.39 | 323.54 | 659.93 | OK | |
r-devel-linux-x86_64-fedora-clang | 2.51 | 1121.52 | NOTE | |||
r-devel-linux-x86_64-fedora-gcc | 2.51 | 1193.50 | OK | |||
r-devel-windows-x86_64 | 2.51 | 304.00 | 336.00 | 640.00 | NOTE | |
r-patched-linux-x86_64 | 2.51 | 380.31 | 415.20 | 795.51 | OK | |
r-release-linux-x86_64 | 2.51 | 367.36 | 411.71 | 779.07 | OK | |
r-release-macos-arm64 | 2.51 | 255.00 | NOTE | |||
r-release-macos-x86_64 | 2.51 | 473.00 | NOTE | |||
r-release-windows-x86_64 | 2.51 | 392.00 | 468.00 | 860.00 | NOTE | |
r-oldrel-macos-arm64 | 2.51 | 261.00 | NOTE | |||
r-oldrel-macos-x86_64 | 2.51 | 310.00 | NOTE | |||
r-oldrel-windows-x86_64 | 2.51 | 377.00 | 435.00 | 812.00 | NOTE |
Version: 2.51
Check: installed package size
Result: NOTE
installed size is 6.9Mb
sub-directories of 1Mb or more:
libs 6.5Mb
Flavors: r-devel-linux-x86_64-fedora-clang, r-devel-windows-x86_64, r-release-macos-arm64, r-release-macos-x86_64, r-release-windows-x86_64, r-oldrel-macos-arm64, r-oldrel-macos-x86_64, r-oldrel-windows-x86_64