Last updated on 2022-07-03 00:52:34 CEST.
Flavor | Version | Tinstall | Tcheck | Ttotal | Status | Flags |
---|---|---|---|---|---|---|
r-devel-linux-x86_64-debian-clang | 3.0 | 30.66 | 154.89 | 185.55 | OK | |
r-devel-linux-x86_64-debian-gcc | 3.0 | 29.89 | 111.90 | 141.79 | OK | |
r-devel-linux-x86_64-fedora-clang | 3.0 | 233.44 | NOTE | |||
r-devel-linux-x86_64-fedora-gcc | 3.0 | 228.08 | NOTE | |||
r-devel-windows-x86_64 | 3.0 | 30.00 | 151.00 | 181.00 | OK | |
r-patched-linux-x86_64 | 3.0 | 30.97 | 143.45 | 174.42 | OK | |
r-release-linux-x86_64 | 3.0 | 29.98 | 145.41 | 175.39 | OK | |
r-release-macos-arm64 | 3.0 | 53.00 | NOTE | |||
r-release-macos-x86_64 | 3.0 | 87.00 | NOTE | |||
r-release-windows-x86_64 | 3.0 | 30.00 | 152.00 | 182.00 | OK | |
r-oldrel-macos-arm64 | 3.0 | 66.00 | NOTE | |||
r-oldrel-macos-x86_64 | 3.0 | 96.00 | NOTE | |||
r-oldrel-windows-ix86+x86_64 | 3.0 | 56.00 | 158.00 | 214.00 | OK |
Version: 3.0
Check: dependencies in R code
Result: NOTE
Namespaces in Imports field not imported from:
‘datasets’ ‘grDevices’ ‘graphics’ ‘iterators’ ‘methods’
All declared Imports should be used.
Flavors: r-devel-linux-x86_64-fedora-clang, r-devel-linux-x86_64-fedora-gcc, r-release-macos-arm64, r-release-macos-x86_64, r-oldrel-macos-arm64, r-oldrel-macos-x86_64