CRAN Package Check Results for Package MTSYS

Last updated on 2023-06-02 18:52:50 CEST.

Flavor Version Tinstall Tcheck Ttotal Status Flags
r-devel-linux-x86_64-debian-clang 1.2.0 2.63 31.25 33.88 NOTE
r-devel-linux-x86_64-debian-gcc 1.2.0 2.11 24.63 26.74 NOTE
r-devel-linux-x86_64-fedora-clang 1.2.0 42.32 NOTE
r-devel-linux-x86_64-fedora-gcc 1.2.0 44.77 NOTE
r-devel-windows-x86_64 1.2.0 4.00 57.00 61.00 NOTE
r-patched-linux-x86_64 1.2.0 NOTE
r-release-linux-x86_64 1.2.0 2.27 30.30 32.57 NOTE
r-release-macos-arm64 1.2.0 19.00 NOTE
r-release-macos-x86_64 1.2.0 25.00 NOTE
r-release-windows-x86_64 1.2.0 4.00 57.00 61.00 NOTE
r-oldrel-macos-arm64 1.2.0 19.00 NOTE
r-oldrel-macos-x86_64 1.2.0 25.00 NOTE
r-oldrel-windows-x86_64 1.2.0 4.00 53.00 57.00 NOTE

Check Details

Version: 1.2.0
Check: LazyData
Result: NOTE
     'LazyData' is specified without a 'data' directory
Flavors: r-devel-linux-x86_64-debian-clang, r-devel-linux-x86_64-debian-gcc, r-devel-linux-x86_64-fedora-clang, r-devel-linux-x86_64-fedora-gcc, r-devel-windows-x86_64, r-patched-linux-x86_64, r-release-linux-x86_64, r-release-macos-arm64, r-release-macos-x86_64, r-release-windows-x86_64, r-oldrel-macos-arm64, r-oldrel-macos-x86_64, r-oldrel-windows-x86_64