CRAN Package Check Results for Package MachineShop

Last updated on 2021-10-21 04:58:36 CEST.

Flavor Version Tinstall Tcheck Ttotal Status Flags
r-devel-linux-x86_64-debian-clang 3.1.0 64.63 324.67 389.30 OK
r-devel-linux-x86_64-debian-gcc 3.1.0 53.73 240.72 294.45 OK
r-devel-linux-x86_64-fedora-clang 3.1.0 489.02 OK
r-devel-linux-x86_64-fedora-gcc 3.1.0 467.93 OK
r-devel-windows-x86_64 3.1.0 106.00 407.00 513.00 OK
r-devel-windows-x86_64-gcc10-UCRT 3.1.0 NOTE
r-patched-linux-x86_64 3.1.0 58.93 306.85 365.78 OK
r-patched-solaris-x86 3.1.0 479.70 OK
r-release-linux-x86_64 3.1.0 56.57 304.10 360.67 OK
r-release-macos-arm64 3.1.0 OK
r-release-macos-x86_64 3.1.0 OK
r-release-windows-ix86+x86_64 3.1.0 117.00 530.00 647.00 OK
r-oldrel-macos-x86_64 3.1.0 OK
r-oldrel-windows-ix86+x86_64 3.1.0 124.00 530.00 654.00 OK

Check Details

Version: 3.1.0
Check: package dependencies
Result: NOTE
    Packages suggested but not available for checking:
     'kknn', 'randomForestSRC'
Flavor: r-devel-windows-x86_64-gcc10-UCRT

Version: 3.1.0
Check: Rd cross-references
Result: NOTE
    Packages unavailable to check Rd xrefs: 'kknn', 'randomForestSRC'
Flavor: r-devel-windows-x86_64-gcc10-UCRT