Last updated on 2023-05-22 17:01:25 CEST.
Flavor | Version | Tinstall | Tcheck | Ttotal | Status | Flags |
---|---|---|---|---|---|---|
r-devel-linux-x86_64-debian-clang | 1.1.1 | 24.24 | 79.92 | 104.16 | OK | |
r-devel-linux-x86_64-debian-gcc | 1.1.1 | 19.87 | 61.41 | 81.28 | OK | |
r-devel-linux-x86_64-fedora-clang | 1.1.1 | 147.65 | OK | |||
r-devel-linux-x86_64-fedora-gcc | 1.1.1 | 143.76 | OK | |||
r-devel-windows-x86_64 | 1.1.1 | 24.00 | 106.00 | 130.00 | OK | |
r-patched-linux-x86_64 | 1.1.1 | 19.79 | 76.45 | 96.24 | OK | |
r-release-linux-x86_64 | 1.1.1 | 16.31 | 76.60 | 92.91 | OK | |
r-release-macos-arm64 | 1.1.1 | 41.00 | OK | |||
r-release-macos-x86_64 | 1.1.1 | 63.00 | NOTE | |||
r-release-windows-x86_64 | 1.1.1 | 31.00 | 121.00 | 152.00 | OK | |
r-oldrel-macos-arm64 | 1.1.1 | 35.00 | OK | |||
r-oldrel-macos-x86_64 | 1.1.1 | 52.00 | OK | |||
r-oldrel-windows-x86_64 | 1.1.1 | 29.00 | 109.00 | 138.00 | OK |
Version: 1.1.1
Check: package dependencies
Result: NOTE
Package suggested but not available for checking: ‘transformr’
Flavor: r-release-macos-x86_64