Last updated on 2023-05-28 23:14:02 CEST.
Flavor | Version | Tinstall | Tcheck | Ttotal | Status | Flags |
---|---|---|---|---|---|---|
r-devel-linux-x86_64-debian-clang | 1.0.1 | 254.70 | 31.02 | 285.72 | OK | |
r-devel-linux-x86_64-debian-gcc | 1.0.1 | 190.91 | 23.72 | 214.63 | OK | |
r-devel-linux-x86_64-fedora-clang | 1.0.1 | 522.95 | OK | |||
r-devel-linux-x86_64-fedora-gcc | 1.0.1 | 457.59 | OK | |||
r-devel-windows-x86_64 | 1.0.1 | 377.00 | 71.00 | 448.00 | OK | |
r-patched-linux-x86_64 | 1.0.1 | 209.24 | 29.95 | 239.19 | OK | |
r-release-linux-x86_64 | 1.0.1 | 207.90 | 30.20 | 238.10 | OK | |
r-release-macos-arm64 | 1.0.1 | 94.00 | NOTE | |||
r-release-macos-x86_64 | 1.0.1 | 171.00 | NOTE | |||
r-release-windows-x86_64 | 1.0.1 | 473.00 | 87.00 | 560.00 | OK | |
r-oldrel-macos-arm64 | 1.0.1 | 98.00 | NOTE | |||
r-oldrel-macos-x86_64 | 1.0.1 | 117.00 | NOTE | |||
r-oldrel-windows-x86_64 | 1.0.1 | 452.00 | 78.00 | 530.00 | OK |
Version: 1.0.1
Check: installed package size
Result: NOTE
installed size is 11.1Mb
sub-directories of 1Mb or more:
libs 10.8Mb
Flavors: r-release-macos-arm64, r-release-macos-x86_64, r-oldrel-macos-arm64, r-oldrel-macos-x86_64