CRAN Package Check Results for Package Mapinguari

Last updated on 2024-06-14 20:49:46 CEST.

Flavor Version Tinstall Tcheck Ttotal Status Flags
r-devel-linux-x86_64-debian-clang 2.0.1 3.32 39.89 43.21 OK
r-devel-linux-x86_64-debian-gcc 2.0.1 2.88 29.87 32.75 OK
r-devel-linux-x86_64-fedora-clang 2.0.1 56.78 NOTE
r-devel-linux-x86_64-fedora-gcc 2.0.1 52.92 NOTE
r-devel-windows-x86_64 2.0.1 5.00 52.00 57.00 OK
r-patched-linux-x86_64 2.0.1 3.98 39.85 43.83 OK
r-release-linux-x86_64 2.0.1 2.72 39.42 42.14 OK
r-release-macos-arm64 2.0.1 22.00 OK
r-release-macos-x86_64 2.0.1 31.00 OK
r-release-windows-x86_64 2.0.1 5.00 52.00 57.00 OK
r-oldrel-macos-arm64 2.0.1 21.00 OK
r-oldrel-macos-x86_64 2.0.1 36.00 OK
r-oldrel-windows-x86_64 2.0.1 6.00 56.00 62.00 OK

Check Details

Version: 2.0.1
Check: dependencies in R code
Result: NOTE Namespaces in Imports field not imported from: ‘dplyr’ ‘rlang’ ‘testthat’ All declared Imports should be used. Flavors: r-devel-linux-x86_64-fedora-clang, r-devel-linux-x86_64-fedora-gcc