Last updated on 2024-04-20 08:50:59 CEST.
Flavor | Version | Tinstall | Tcheck | Ttotal | Status | Flags |
---|---|---|---|---|---|---|
r-devel-linux-x86_64-debian-clang | 2.1.5 | 6.84 | 113.43 | 120.27 | NOTE | |
r-devel-linux-x86_64-debian-gcc | 2.1.5 | 5.82 | 83.02 | 88.84 | NOTE | |
r-devel-linux-x86_64-fedora-clang | 2.1.5 | 152.18 | NOTE | |||
r-devel-linux-x86_64-fedora-gcc | 2.1.5 | 159.15 | NOTE | |||
r-prerel-macos-arm64 | 2.1.5 | 163.00 | NOTE | |||
r-prerel-windows-x86_64 | 2.1.5 | 10.00 | 341.00 | 351.00 | NOTE | |
r-patched-linux-x86_64 | 2.1.5 | 8.83 | 107.21 | 116.04 | NOTE | |
r-release-linux-x86_64 | 2.1.5 | 7.54 | 103.16 | 110.70 | OK | |
r-release-macos-arm64 | 2.1.5 | 173.00 | OK | |||
r-release-macos-x86_64 | 2.1.5 | 291.00 | OK | |||
r-release-windows-x86_64 | 2.1.5 | 12.00 | 420.00 | 432.00 | OK | |
r-oldrel-macos-arm64 | 2.1.5 | 156.00 | OK | |||
r-oldrel-windows-x86_64 | 2.1.5 | 12.00 | 422.00 | 434.00 | OK |
Version: 2.1.5
Check: Rd files
Result: NOTE
checkRd: (-1) Markovchart.Rd:154: Lost braces
154 | If either \code{h} or \code{k} have length greater than 1, then the \code{G-value} (weighted average of average cost and cost standard deviation) is calculated for all given values without optimisation. The value of the function in this case is a data frame of class code{Markov_grid} with \code{length(h)*length(k)} number of rows and three columns for \code{h}, \code{k} and the \code{G-value}.
| ^
Flavors: r-devel-linux-x86_64-debian-clang, r-devel-linux-x86_64-debian-gcc, r-devel-linux-x86_64-fedora-clang, r-devel-linux-x86_64-fedora-gcc, r-prerel-macos-arm64, r-prerel-windows-x86_64, r-patched-linux-x86_64