CRAN Package Check Results for Package Matrix.utils

Last updated on 2022-01-20 16:51:24 CET.

Flavor Version Tinstall Tcheck Ttotal Status Flags
r-devel-linux-x86_64-debian-clang 0.9.8 NOTE
r-devel-linux-x86_64-debian-gcc 0.9.8 5.58 59.74 65.32 NOTE
r-devel-linux-x86_64-fedora-clang 0.9.8 103.21 NOTE
r-devel-linux-x86_64-fedora-gcc 0.9.8 99.92 NOTE
r-devel-windows-x86_64-new-UL 0.9.8 37.00 102.00 139.00 NOTE
r-devel-windows-x86_64-new-TK 0.9.8 NOTE
r-patched-linux-x86_64 0.9.8 7.87 75.59 83.46 NOTE
r-release-linux-x86_64 0.9.8 7.12 75.40 82.52 NOTE
r-release-macos-arm64 0.9.8 NOTE
r-release-macos-x86_64 0.9.8 NOTE
r-release-windows-ix86+x86_64 0.9.8 17.00 94.00 111.00 NOTE
r-oldrel-macos-x86_64 0.9.8 OK
r-oldrel-windows-ix86+x86_64 0.9.8 21.00 91.00 112.00 OK

Check Details

Version: 0.9.8
Check: LazyData
Result: NOTE
     'LazyData' is specified without a 'data' directory
Flavors: r-devel-linux-x86_64-debian-clang, r-devel-linux-x86_64-debian-gcc, r-devel-linux-x86_64-fedora-clang, r-devel-linux-x86_64-fedora-gcc, r-devel-windows-x86_64-new-UL, r-devel-windows-x86_64-new-TK, r-patched-linux-x86_64, r-release-linux-x86_64, r-release-macos-arm64, r-release-macos-x86_64, r-release-windows-ix86+x86_64

Version: 0.9.8
Check: Rd cross-references
Result: NOTE
    Undeclared packages ‘dplyr’, ‘plyr’, ‘reshape2’, ‘reshape’ in Rd xrefs
Flavor: r-devel-linux-x86_64-fedora-clang