Last updated on 2024-03-28 15:49:52 CET.
Flavor | Version | Tinstall | Tcheck | Ttotal | Status | Flags |
---|---|---|---|---|---|---|
r-devel-linux-x86_64-debian-clang | 0.10.0 | 68.09 | 84.75 | 152.84 | NOTE | |
r-devel-linux-x86_64-debian-gcc | 0.10.0 | 53.99 | 65.42 | 119.41 | NOTE | |
r-devel-linux-x86_64-fedora-clang | 0.10.0 | 213.67 | NOTE | |||
r-devel-linux-x86_64-fedora-gcc | 0.10.0 | 207.03 | NOTE | |||
r-devel-windows-x86_64 | 0.10.0 | 58.00 | 98.00 | 156.00 | NOTE | |
r-patched-linux-x86_64 | 0.10.0 | 60.29 | 84.24 | 144.53 | NOTE | |
r-release-linux-x86_64 | 0.10.0 | 71.81 | 85.27 | 157.08 | OK | |
r-release-macos-arm64 | 0.10.0 | 57.00 | OK | |||
r-release-macos-x86_64 | 0.10.0 | 95.00 | OK | |||
r-release-windows-x86_64 | 0.10.0 | 71.00 | 120.00 | 191.00 | OK | |
r-oldrel-macos-arm64 | 0.10.0 | 56.00 | OK | |||
r-oldrel-windows-x86_64 | 0.10.0 | 69.00 | 119.00 | 188.00 | OK |
Version: 0.10.0
Check: Rd files
Result: NOTE
checkRd: (-1) MatrixCorrelation.Rd:17: Lost braces in \itemize; meant \describe ?
checkRd: (-1) MatrixCorrelation.Rd:18-19: Lost braces in \itemize; meant \describe ?
checkRd: (-1) MatrixCorrelation.Rd:20-21: Lost braces in \itemize; meant \describe ?
checkRd: (-1) MatrixCorrelation.Rd:22-23: Lost braces in \itemize; meant \describe ?
checkRd: (-1) MatrixCorrelation.Rd:24-25: Lost braces in \itemize; meant \describe ?
checkRd: (-1) MatrixCorrelation.Rd:26-27: Lost braces in \itemize; meant \describe ?
checkRd: (-1) MatrixCorrelation.Rd:28-29: Lost braces in \itemize; meant \describe ?
checkRd: (-1) RV.Rd:61-62: Lost braces in \itemize; meant \describe ?
checkRd: (-1) RV.Rd:63-64: Lost braces in \itemize; meant \describe ?
checkRd: (-1) RV.Rd:65-66: Lost braces in \itemize; meant \describe ?
checkRd: (-1) RV.Rd:67-68: Lost braces in \itemize; meant \describe ?
checkRd: (-1) allCorrelations.Rd:63: Lost braces in \itemize; meant \describe ?
checkRd: (-1) allCorrelations.Rd:64-65: Lost braces in \itemize; meant \describe ?
checkRd: (-1) allCorrelations.Rd:66-67: Lost braces in \itemize; meant \describe ?
checkRd: (-1) allCorrelations.Rd:68-69: Lost braces in \itemize; meant \describe ?
checkRd: (-1) allCorrelations.Rd:70-71: Lost braces in \itemize; meant \describe ?
checkRd: (-1) allCorrelations.Rd:72-73: Lost braces in \itemize; meant \describe ?
checkRd: (-1) allCorrelations.Rd:74-75: Lost braces in \itemize; meant \describe ?
checkRd: (-1) r1.Rd:71: Lost braces in \itemize; meant \describe ?
checkRd: (-1) r1.Rd:72: Lost braces in \itemize; meant \describe ?
checkRd: (-1) r1.Rd:73: Lost braces in \itemize; meant \describe ?
checkRd: (-1) r1.Rd:74: Lost braces in \itemize; meant \describe ?
checkRd: (-1) r1.Rd:75: Lost braces in \itemize; meant \describe ?
Flavors: r-devel-linux-x86_64-debian-clang, r-devel-linux-x86_64-debian-gcc, r-devel-linux-x86_64-fedora-clang, r-devel-linux-x86_64-fedora-gcc, r-devel-windows-x86_64, r-patched-linux-x86_64