Last updated on 2023-06-07 17:55:42 CEST.
Flavor | Version | Tinstall | Tcheck | Ttotal | Status | Flags |
---|---|---|---|---|---|---|
r-devel-linux-x86_64-debian-clang | 0.12 | 109.08 | 477.09 | 586.17 | NOTE | |
r-devel-linux-x86_64-debian-gcc | 0.12 | 93.02 | 354.95 | 447.97 | NOTE | |
r-devel-linux-x86_64-fedora-clang | 0.12 | 707.48 | NOTE | |||
r-devel-linux-x86_64-fedora-gcc | 0.12 | 702.54 | NOTE | |||
r-devel-windows-x86_64 | 0.12 | 73.00 | 361.00 | 434.00 | OK | |
r-patched-linux-x86_64 | 0.12 | 97.12 | 453.44 | 550.56 | NOTE | |
r-release-linux-x86_64 | 0.12 | 96.20 | 446.24 | 542.44 | NOTE | |
r-release-macos-arm64 | 0.12 | 221.00 | NOTE | |||
r-release-macos-x86_64 | 0.12 | 375.00 | NOTE | |||
r-release-windows-x86_64 | 0.12 | 96.00 | 486.00 | 582.00 | OK | |
r-oldrel-macos-arm64 | 0.12 | 148.00 | NOTE | |||
r-oldrel-macos-x86_64 | 0.12 | 284.00 | NOTE | |||
r-oldrel-windows-x86_64 | 0.12 | 94.00 | 475.00 | 569.00 | OK |
Version: 0.12
Check: C++ specification
Result: NOTE
Specified C++11: please drop specification unless essential
Flavors: r-devel-linux-x86_64-debian-clang, r-devel-linux-x86_64-debian-gcc, r-devel-linux-x86_64-fedora-clang, r-devel-linux-x86_64-fedora-gcc, r-patched-linux-x86_64, r-release-linux-x86_64, r-release-macos-arm64, r-release-macos-x86_64
Version: 0.12
Check: installed package size
Result: NOTE
installed size is 20.8Mb
sub-directories of 1Mb or more:
libs 19.8Mb
Flavors: r-release-macos-arm64, r-release-macos-x86_64, r-oldrel-macos-arm64, r-oldrel-macos-x86_64
Version: 0.12
Check: R code for possible problems
Result: NOTE
ADPopSel: no visible global function definition for ‘%dorng%’
ADRand: no visible global function definition for ‘%dorng%’
ADSSMod: no visible global function definition for ‘%dorng%’
ADTreatSel: no visible global function definition for ‘%dorng%’
ClustRand: no visible global function definition for ‘%dorng%’
EventPred: no visible global function definition for ‘%dorng%’
FutRuleNCores: no visible global function definition for ‘%dorng%’
MultAdj1NCores: no visible global function definition for ‘%dorng%’
MultAdj2NCores: no visible global function definition for ‘%dorng%’
MultAdj3NCores: no visible global function definition for ‘%dorng%’
Undefined global functions or variables:
%dorng%
Flavors: r-release-macos-arm64, r-release-macos-x86_64, r-oldrel-macos-arm64, r-oldrel-macos-x86_64