Last updated on 2023-11-28 16:48:24 CET.
Flavor | Version | Tinstall | Tcheck | Ttotal | Status | Flags |
---|---|---|---|---|---|---|
r-devel-linux-x86_64-debian-clang | 0.9.0 | 81.75 | 253.13 | 334.88 | OK | |
r-devel-linux-x86_64-debian-gcc | 0.9.0 | 59.17 | 180.66 | 239.83 | OK | |
r-devel-linux-x86_64-fedora-clang | 0.9.0 | 423.87 | NOTE | |||
r-devel-linux-x86_64-fedora-gcc | 0.9.0 | 410.20 | OK | |||
r-devel-windows-x86_64 | 0.9.0 | 58.00 | 227.00 | 285.00 | NOTE | |
r-patched-linux-x86_64 | 0.9.0 | 67.15 | 238.10 | 305.25 | OK | |
r-release-linux-x86_64 | 0.9.0 | 50.11 | 234.63 | 284.74 | OK | |
r-release-macos-arm64 | 0.9.0 | 106.00 | NOTE | |||
r-release-macos-x86_64 | 0.9.0 | 232.00 | NOTE | |||
r-release-windows-x86_64 | 0.9.0 | 82.00 | 270.00 | 352.00 | NOTE | |
r-oldrel-macos-arm64 | 0.9.0 | 94.00 | NOTE | |||
r-oldrel-macos-x86_64 | 0.9.0 | 145.00 | NOTE | |||
r-oldrel-windows-x86_64 | 0.9.0 | 77.00 | 258.00 | 335.00 | NOTE |
Version: 0.9.0
Check: installed package size
Result: NOTE
installed size is 5.3Mb
sub-directories of 1Mb or more:
extdata 3.4Mb
Flavors: r-devel-linux-x86_64-fedora-clang, r-devel-windows-x86_64, r-release-macos-arm64, r-release-macos-x86_64, r-release-windows-x86_64, r-oldrel-macos-arm64, r-oldrel-macos-x86_64, r-oldrel-windows-x86_64