Last updated on 2023-06-10 00:54:50 CEST.
Flavor | Version | Tinstall | Tcheck | Ttotal | Status | Flags |
---|---|---|---|---|---|---|
r-devel-linux-x86_64-debian-clang | 1.0.0 | 539.73 | 59.26 | 598.99 | OK | |
r-devel-linux-x86_64-debian-gcc | 1.0.0 | 473.79 | 71.15 | 544.94 | OK | |
r-devel-linux-x86_64-fedora-clang | 1.0.0 | 837.66 | NOTE | |||
r-devel-linux-x86_64-fedora-gcc | 1.0.0 | 1047.24 | OK | |||
r-devel-windows-x86_64 | 1.0.0 | 405.00 | 139.00 | 544.00 | OK | |
r-patched-linux-x86_64 | 1.0.0 | 424.63 | 98.90 | 523.53 | OK | |
r-release-linux-x86_64 | 1.0.0 | 0.02 | 2.09 | 2.11 | ERROR | |
r-release-macos-arm64 | 1.0.0 | 249.00 | NOTE | |||
r-release-macos-x86_64 | 1.0.0 | 383.00 | NOTE | |||
r-release-windows-x86_64 | 1.0.0 | 538.00 | 184.00 | 722.00 | OK | |
r-oldrel-macos-arm64 | 1.0.0 | 238.00 | NOTE | |||
r-oldrel-macos-x86_64 | 1.0.0 | 258.00 | NOTE | |||
r-oldrel-windows-x86_64 | 1.0.0 | 511.00 | 135.00 | 646.00 | OK |
Version: 1.0.0
Check: installed package size
Result: NOTE
installed size is 6.2Mb
sub-directories of 1Mb or more:
libs 6.1Mb
Flavors: r-devel-linux-x86_64-fedora-clang, r-release-macos-arm64, r-release-macos-x86_64, r-oldrel-macos-arm64, r-oldrel-macos-x86_64
Version: 1.0.0
Check: whether package can be installed
Result: ERROR
Installation failed.
Flavor: r-release-linux-x86_64