CRAN Package Check Results for Package MetaNLP

Last updated on 2024-07-13 00:55:30 CEST.

Flavor Version Tinstall Tcheck Ttotal Status Flags
r-devel-linux-x86_64-debian-clang 0.1.2 59.37 160.12 219.49 OK
r-devel-linux-x86_64-debian-gcc 0.1.2 52.81 127.35 180.16 OK
r-devel-linux-x86_64-fedora-clang 0.1.2 286.50 OK
r-devel-linux-x86_64-fedora-gcc 0.1.2 308.19 OK
r-devel-windows-x86_64 0.1.2 56.00 153.00 209.00 NOTE
r-patched-linux-x86_64 0.1.2 54.78 154.91 209.69 OK
r-release-linux-x86_64 0.1.2 44.31 158.40 202.71 OK
r-release-macos-arm64 0.1.2 101.00 NOTE
r-release-macos-x86_64 0.1.2 127.00 NOTE
r-release-windows-x86_64 0.1.2 57.00 149.00 206.00 OK
r-oldrel-macos-arm64 0.1.2 103.00 NOTE
r-oldrel-macos-x86_64 0.1.2 229.00 NOTE
r-oldrel-windows-x86_64 0.1.2 72.00 191.00 263.00 OK

Check Details

Version: 0.1.2
Check: Rd cross-references
Result: NOTE Found the following Rd file(s) with Rd \link{} targets missing package anchors: select_features.Rd: glmnet Please provide package anchors for all Rd \link{} targets not in the package itself and the base packages. Flavor: r-devel-windows-x86_64

Version: 0.1.2
Check: installed package size
Result: NOTE installed size is 5.5Mb sub-directories of 1Mb or more: R 5.3Mb Flavors: r-release-macos-arm64, r-release-macos-x86_64, r-oldrel-macos-arm64, r-oldrel-macos-x86_64