CRAN Package Check Results for Package MiSPU

Last updated on 2023-06-02 18:52:49 CEST.

Flavor Version Tinstall Tcheck Ttotal Status Flags
r-devel-linux-x86_64-debian-clang 1.0 48.21 132.21 180.42 OK
r-devel-linux-x86_64-debian-gcc 1.0 35.15 99.11 134.26 OK
r-devel-linux-x86_64-fedora-clang 1.0 237.69 NOTE
r-devel-linux-x86_64-fedora-gcc 1.0 252.51 NOTE
r-devel-windows-x86_64 1.0 38.00 133.00 171.00 OK
r-patched-linux-x86_64 1.0 OK
r-release-linux-x86_64 1.0 30.10 123.56 153.66 OK
r-release-macos-arm64 1.0 65.00 OK
r-release-macos-x86_64 1.0 115.00 OK
r-release-windows-x86_64 1.0 50.00 154.00 204.00 OK
r-oldrel-macos-arm64 1.0 63.00 OK
r-oldrel-macos-x86_64 1.0 103.00 OK
r-oldrel-windows-x86_64 1.0 46.00 164.00 210.00 OK

Check Details

Version: 1.0
Check: compiled code
Result: NOTE
    File ‘MiSPU/libs/MiSPU.so’:
     Found no calls to: ‘R_registerRoutines’, ‘R_useDynamicSymbols’
    
    It is good practice to register native routines and to disable symbol
    search.
    
    See ‘Writing portable packages’ in the ‘Writing R Extensions’ manual.
Flavors: r-devel-linux-x86_64-fedora-clang, r-devel-linux-x86_64-fedora-gcc