Last updated on 2024-03-27 23:59:49 CET.
Flavor | Version | Tinstall | Tcheck | Ttotal | Status | Flags |
---|---|---|---|---|---|---|
r-devel-linux-x86_64-debian-clang | 2.4.0 | 17.56 | 55.36 | 72.92 | OK | |
r-devel-linux-x86_64-debian-gcc | 2.4.0 | 15.40 | 43.40 | 58.80 | OK | |
r-devel-linux-x86_64-fedora-clang | 2.4.0 | 97.64 | NOTE | |||
r-devel-linux-x86_64-fedora-gcc | 2.4.0 | 108.70 | NOTE | |||
r-devel-windows-x86_64 | 2.4.0 | 17.00 | 82.00 | 99.00 | OK | |
r-patched-linux-x86_64 | 2.4.0 | 23.07 | 53.33 | 76.40 | OK | |
r-release-linux-x86_64 | 2.4.0 | 17.53 | 54.48 | 72.01 | OK | |
r-release-macos-arm64 | 2.4.0 | 42.00 | OK | |||
r-release-macos-x86_64 | 2.4.0 | 67.00 | OK | |||
r-release-windows-x86_64 | 2.4.0 | 22.00 | 83.00 | 105.00 | OK | |
r-oldrel-macos-arm64 | 2.4.0 | 39.00 | OK | |||
r-oldrel-windows-x86_64 | 2.4.0 | 20.00 | 84.00 | 104.00 | OK |
Version: 2.4.0
Check: dependencies in R code
Result: NOTE
Namespaces in Imports field not imported from:
‘R6’ ‘curl’ ‘jsonlite’ ‘parallel’ ‘tools’ ‘vctrs’
All declared Imports should be used.
Flavors: r-devel-linux-x86_64-fedora-clang, r-devel-linux-x86_64-fedora-gcc