Last updated on 2024-04-23 08:58:06 CEST.
Flavor | Version | Tinstall | Tcheck | Ttotal | Status | Flags |
---|---|---|---|---|---|---|
r-devel-linux-x86_64-debian-clang | 0.1.0 | 0.86 | 2.28 | 3.14 | ERROR | |
r-devel-linux-x86_64-debian-gcc | 0.1.0 | 3.89 | 301.74 | 305.63 | OK | |
r-devel-linux-x86_64-fedora-clang | 0.1.0 | 464.34 | NOTE | |||
r-devel-linux-x86_64-fedora-gcc | 0.1.0 | 458.03 | NOTE | |||
r-prerel-macos-arm64 | 0.1.0 | 149.00 | OK | |||
r-prerel-macos-x86_64 | 0.1.0 | 376.00 | NOTE | |||
r-prerel-windows-x86_64 | 0.1.0 | 8.00 | 330.00 | 338.00 | OK | |
r-patched-linux-x86_64 | 0.1.0 | 6.40 | 387.84 | 394.24 | OK | |
r-release-linux-x86_64 | 0.1.0 | 5.38 | 373.76 | 379.14 | OK | |
r-release-macos-arm64 | 0.1.0 | 166.00 | NOTE | |||
r-release-macos-x86_64 | 0.1.0 | 297.00 | NOTE | |||
r-release-windows-x86_64 | 0.1.0 | 8.00 | 342.00 | 350.00 | OK | |
r-oldrel-macos-arm64 | 0.1.0 | 138.00 | NOTE | |||
r-oldrel-windows-x86_64 | 0.1.0 | 9.00 | 322.00 | 331.00 | OK |
Version: 0.1.0
Check: package dependencies
Result: ERROR
Packages required but not available:
'Biostrings', 'GenomicRanges', 'Rsamtools'
Packages suggested but not available for checking:
'karyoploteR', 'regioneR'
See section ‘The DESCRIPTION file’ in the ‘Writing R Extensions’
manual.
Flavor: r-devel-linux-x86_64-debian-clang
Version: 0.1.0
Check: package dependencies
Result: NOTE
Packages suggested but not available for checking:
'karyoploteR', 'regioneR'
Flavors: r-devel-linux-x86_64-fedora-clang, r-devel-linux-x86_64-fedora-gcc, r-prerel-macos-x86_64, r-release-macos-arm64, r-oldrel-macos-arm64
Version: 0.1.0
Check: package dependencies
Result: NOTE
Packages suggested but not available for checking:
'clustree', 'karyoploteR', 'regioneR'
Flavor: r-release-macos-x86_64