Last updated on 2023-01-28 00:52:54 CET.
Flavor | Version | Tinstall | Tcheck | Ttotal | Status | Flags |
---|---|---|---|---|---|---|
r-devel-linux-x86_64-debian-clang | 0.2.6 | 70.21 | 76.99 | 147.20 | OK | |
r-devel-linux-x86_64-debian-gcc | 0.2.6 | 51.09 | 57.21 | 108.30 | NOTE | |
r-devel-linux-x86_64-fedora-clang | 0.2.6 | 209.16 | OK | |||
r-devel-linux-x86_64-fedora-gcc | 0.2.6 | 186.75 | NOTE | |||
r-devel-windows-x86_64 | 0.2.6 | 89.00 | 148.00 | 237.00 | OK | |
r-patched-linux-x86_64 | 0.2.6 | 57.93 | 73.17 | 131.10 | OK | |
r-release-linux-x86_64 | 0.2.6 | 54.29 | 71.56 | 125.85 | OK | |
r-release-macos-arm64 | 0.2.6 | 47.00 | OK | |||
r-release-macos-x86_64 | 0.2.6 | 69.00 | OK | |||
r-release-windows-x86_64 | 0.2.6 | 110.00 | 133.00 | 243.00 | OK | |
r-oldrel-macos-arm64 | 0.2.6 | 62.00 | OK | |||
r-oldrel-macos-x86_64 | 0.2.6 | 80.00 | OK | |||
r-oldrel-windows-ix86+x86_64 | 0.2.6 | 158.00 | 168.00 | 326.00 | OK |
Version: 0.2.6
Check: C++ specification
Result: NOTE
Specified C++11: please update to current default of C++17
Flavors: r-devel-linux-x86_64-debian-gcc, r-devel-linux-x86_64-fedora-gcc