Last updated on 2023-05-28 23:14:03 CEST.
Flavor | Version | Tinstall | Tcheck | Ttotal | Status | Flags |
---|---|---|---|---|---|---|
r-devel-linux-x86_64-debian-clang | 3.1.12 | 8.22 | 81.60 | 89.82 | NOTE | |
r-devel-linux-x86_64-debian-gcc | 3.1.12 | 6.92 | 60.68 | 67.60 | NOTE | |
r-devel-linux-x86_64-fedora-clang | 3.1.12 | 116.66 | NOTE | |||
r-devel-linux-x86_64-fedora-gcc | 3.1.12 | 178.63 | NOTE | |||
r-devel-windows-x86_64 | 3.1.12 | 8.00 | 92.00 | 100.00 | NOTE | |
r-patched-linux-x86_64 | 3.1.12 | 6.98 | 76.50 | 83.48 | NOTE | |
r-release-linux-x86_64 | 3.1.12 | 5.30 | 78.12 | 83.42 | NOTE | |
r-release-macos-arm64 | 3.1.12 | 70.00 | NOTE | |||
r-release-macos-x86_64 | 3.1.12 | 90.00 | NOTE | |||
r-release-windows-x86_64 | 3.1.12 | 10.00 | 100.00 | 110.00 | NOTE | |
r-oldrel-macos-arm64 | 3.1.12 | 51.00 | NOTE | |||
r-oldrel-macos-x86_64 | 3.1.12 | 64.00 | NOTE | |||
r-oldrel-windows-x86_64 | 3.1.12 | 10.00 | 100.00 | 110.00 | NOTE |
Version: 3.1.12
Check: LazyData
Result: NOTE
'LazyData' is specified without a 'data' directory
Flavors: r-devel-linux-x86_64-debian-clang, r-devel-linux-x86_64-debian-gcc, r-devel-linux-x86_64-fedora-clang, r-devel-linux-x86_64-fedora-gcc, r-devel-windows-x86_64, r-patched-linux-x86_64, r-release-linux-x86_64, r-release-macos-arm64, r-release-macos-x86_64, r-release-windows-x86_64, r-oldrel-macos-arm64, r-oldrel-macos-x86_64, r-oldrel-windows-x86_64