Last updated on 2024-03-28 23:55:12 CET.
Flavor | Version | Tinstall | Tcheck | Ttotal | Status | Flags |
---|---|---|---|---|---|---|
r-devel-linux-x86_64-debian-clang | 1.6.64 | 54.59 | 171.65 | 226.24 | NOTE | |
r-devel-linux-x86_64-debian-gcc | 1.6.64 | 49.81 | 121.73 | 171.54 | NOTE | |
r-devel-linux-x86_64-fedora-clang | 1.6.64 | 309.86 | NOTE | |||
r-devel-linux-x86_64-fedora-gcc | 1.6.64 | 283.14 | NOTE | |||
r-devel-windows-x86_64 | 1.6.64 | 45.00 | 148.00 | 193.00 | NOTE | |
r-patched-linux-x86_64 | 1.6.64 | 54.92 | 165.61 | 220.53 | NOTE | |
r-release-linux-x86_64 | 1.6.64 | 55.49 | 168.74 | 224.23 | NOTE | |
r-release-macos-arm64 | 1.6.64 | 71.00 | NOTE | |||
r-release-macos-x86_64 | 1.6.64 | 135.00 | NOTE | |||
r-release-windows-x86_64 | 1.6.64 | 48.00 | 174.00 | 222.00 | NOTE | |
r-oldrel-macos-arm64 | 1.6.64 | 66.00 | NOTE | |||
r-oldrel-windows-x86_64 | 1.6.64 | 63.00 | 163.00 | 226.00 | NOTE |
Version: 1.6.64
Check: package dependencies
Result: NOTE
Packages suggested but not available for checking: 'optiSel', 'alstructure'
Packages which this enhances but not available for checking:
'miraculix', 'RandomFieldsUtils', 'MoBPSmaps'
Flavors: r-devel-linux-x86_64-debian-clang, r-devel-linux-x86_64-debian-gcc, r-devel-linux-x86_64-fedora-clang, r-devel-linux-x86_64-fedora-gcc, r-patched-linux-x86_64, r-release-linux-x86_64
Version: 1.6.64
Check: Rd files
Result: NOTE
checkRd: (-1) creating.phenotypic.transform.Rd:20: Lost braces
20 | trafo <- function(x){ return(x^2)}
| ^
Flavors: r-devel-linux-x86_64-debian-clang, r-devel-linux-x86_64-debian-gcc, r-devel-linux-x86_64-fedora-clang, r-devel-linux-x86_64-fedora-gcc, r-devel-windows-x86_64, r-patched-linux-x86_64
Version: 1.6.64
Check: package dependencies
Result: NOTE
Package suggested but not available for checking: 'alstructure'
Packages which this enhances but not available for checking:
'miraculix', 'RandomFieldsUtils', 'MoBPSmaps'
Flavors: r-devel-windows-x86_64, r-release-windows-x86_64, r-oldrel-windows-x86_64
Version: 1.6.64
Check: package dependencies
Result: NOTE
Packages suggested but not available for checking: 'doMPI', 'alstructure'
Packages which this enhances but not available for checking:
'miraculix', 'RandomFieldsUtils', 'MoBPSmaps'
Flavors: r-release-macos-arm64, r-release-macos-x86_64
Version: 1.6.64
Check: package dependencies
Result: NOTE
Packages suggested but not available for checking: 'doMPI', 'alstructure'
Package which this enhances but not available for checking: ‘MoBPSmaps’
Flavor: r-oldrel-macos-arm64