CRAN Package Check Results for Package MoMPCA

Last updated on 2023-06-05 16:55:00 CEST.

Flavor Version Tinstall Tcheck Ttotal Status Flags
r-devel-linux-x86_64-debian-clang 1.0.1 6.23 63.46 69.69 OK
r-devel-linux-x86_64-debian-gcc 1.0.1 5.62 47.91 53.53 OK
r-devel-linux-x86_64-fedora-clang 1.0.1 87.82 NOTE
r-devel-linux-x86_64-fedora-gcc 1.0.1 95.13 NOTE
r-devel-windows-x86_64 1.0.1 8.00 308.00 316.00 OK
r-patched-linux-x86_64 1.0.1 10.12 61.51 71.63 OK
r-release-linux-x86_64 1.0.1 6.06 59.62 65.68 OK
r-release-macos-arm64 1.0.1 177.00 OK
r-release-macos-x86_64 1.0.1 284.00 OK
r-release-windows-x86_64 1.0.1 9.00 348.00 357.00 OK
r-oldrel-macos-arm64 1.0.1 113.00 NOTE
r-oldrel-macos-x86_64 1.0.1 226.00 NOTE
r-oldrel-windows-x86_64 1.0.1 11.00 407.00 418.00 OK

Check Details

Version: 1.0.1
Check: data for non-ASCII characters
Result: NOTE
     Note: found 16 marked UTF-8 strings
Flavors: r-devel-linux-x86_64-fedora-clang, r-devel-linux-x86_64-fedora-gcc, r-oldrel-macos-arm64, r-oldrel-macos-x86_64