CRAN Package Check Results for Package MobileTrigger

Last updated on 2022-07-03 00:52:34 CEST.

Flavor Version Tinstall Tcheck Ttotal Status Flags
r-devel-linux-x86_64-debian-clang 0.0.31 17.00 134.58 151.58 NOTE
r-devel-linux-x86_64-debian-gcc 0.0.31 13.23 100.32 113.55 NOTE
r-devel-linux-x86_64-fedora-clang 0.0.31 186.18 NOTE
r-devel-linux-x86_64-fedora-gcc 0.0.31 183.91 NOTE
r-devel-windows-x86_64 0.0.31 38.00 151.00 189.00 NOTE
r-patched-linux-x86_64 0.0.31 12.35 127.89 140.24 NOTE
r-release-linux-x86_64 0.0.31 11.74 127.50 139.24 NOTE
r-release-macos-arm64 0.0.31 51.00 NOTE
r-release-macos-x86_64 0.0.31 87.00 NOTE
r-release-windows-x86_64 0.0.31 44.00 152.00 196.00 NOTE
r-oldrel-macos-arm64 0.0.31 53.00 NOTE
r-oldrel-macos-x86_64 0.0.31 81.00 NOTE
r-oldrel-windows-ix86+x86_64 0.0.31 38.00 150.00 188.00 NOTE

Additional issues

donttest

Check Details

Version: 0.0.31
Check: LazyData
Result: NOTE
     'LazyData' is specified without a 'data' directory
Flavors: r-devel-linux-x86_64-debian-clang, r-devel-linux-x86_64-debian-gcc, r-devel-linux-x86_64-fedora-clang, r-devel-linux-x86_64-fedora-gcc, r-devel-windows-x86_64, r-patched-linux-x86_64, r-release-linux-x86_64, r-release-macos-arm64, r-release-macos-x86_64, r-release-windows-x86_64, r-oldrel-macos-arm64, r-oldrel-macos-x86_64, r-oldrel-windows-ix86+x86_64

Version: 0.0.31
Check: dependencies in R code
Result: NOTE
    Namespace in Imports field not imported from: ‘ggplot2’
     All declared Imports should be used.
Flavors: r-devel-linux-x86_64-fedora-clang, r-devel-linux-x86_64-fedora-gcc, r-release-macos-arm64, r-release-macos-x86_64, r-oldrel-macos-x86_64