CRAN Package Check Results for Package Modelcharts

Last updated on 2021-10-17 12:52:49 CEST.

Flavor Version Tinstall Tcheck Ttotal Status Flags
r-devel-linux-x86_64-debian-clang 0.1.0 5.51 50.61 56.12 NOTE
r-devel-linux-x86_64-debian-gcc 0.1.0 4.80 38.69 43.49 NOTE
r-devel-linux-x86_64-fedora-clang 0.1.0 79.14 NOTE
r-devel-linux-x86_64-fedora-gcc 0.1.0 68.78 NOTE
r-devel-windows-x86_64 0.1.0 11.00 82.00 93.00 NOTE
r-devel-windows-x86_64-gcc10-UCRT 0.1.0 NOTE
r-patched-linux-x86_64 0.1.0 5.15 47.65 52.80 NOTE
r-patched-solaris-x86 0.1.0 101.30 NOTE
r-release-linux-x86_64 0.1.0 4.29 47.40 51.69 NOTE
r-release-macos-arm64 0.1.0 NOTE
r-release-macos-x86_64 0.1.0 NOTE
r-release-windows-ix86+x86_64 0.1.0 11.00 69.00 80.00 NOTE
r-oldrel-macos-x86_64 0.1.0 OK
r-oldrel-windows-ix86+x86_64 0.1.0 15.00 73.00 88.00 OK

Check Details

Version: 0.1.0
Check: LazyData
Result: NOTE
     'LazyData' is specified without a 'data' directory
Flavors: r-devel-linux-x86_64-debian-clang, r-devel-linux-x86_64-debian-gcc, r-devel-linux-x86_64-fedora-clang, r-devel-linux-x86_64-fedora-gcc, r-devel-windows-x86_64, r-devel-windows-x86_64-gcc10-UCRT, r-patched-linux-x86_64, r-patched-solaris-x86, r-release-linux-x86_64, r-release-macos-arm64, r-release-macos-x86_64, r-release-windows-ix86+x86_64