Last updated on 2023-12-10 16:51:19 CET.
Flavor | Version | Tinstall | Tcheck | Ttotal | Status | Flags |
---|---|---|---|---|---|---|
r-devel-linux-x86_64-debian-clang | 6.0 | 75.51 | 91.65 | 167.16 | OK | |
r-devel-linux-x86_64-debian-gcc | 6.0 | 57.87 | 64.96 | 122.83 | OK | |
r-devel-linux-x86_64-fedora-clang | 6.0 | 217.24 | OK | |||
r-devel-linux-x86_64-fedora-gcc | 6.0 | 218.17 | OK | |||
r-devel-windows-x86_64 | 6.0 | 57.00 | 93.00 | 150.00 | OK | |
r-patched-linux-x86_64 | 6.0 | 67.55 | 86.82 | 154.37 | OK | |
r-release-linux-x86_64 | 6.0 | 64.61 | 89.37 | 153.98 | OK | |
r-release-macos-arm64 | 6.0 | 56.00 | NOTE | |||
r-release-macos-x86_64 | 6.0 | 98.00 | NOTE | |||
r-release-windows-x86_64 | 6.0 | 72.00 | 112.00 | 184.00 | OK | |
r-oldrel-macos-arm64 | 6.0 | 56.00 | NOTE | |||
r-oldrel-macos-x86_64 | 6.0 | 68.00 | NOTE | |||
r-oldrel-windows-x86_64 | 6.0 | 68.00 | 118.00 | 186.00 | OK |
Version: 6.0
Check: installed package size
Result: NOTE
installed size is 7.4Mb
sub-directories of 1Mb or more:
libs 6.9Mb
Flavors: r-release-macos-arm64, r-release-macos-x86_64, r-oldrel-macos-arm64, r-oldrel-macos-x86_64
Version: 6.0
Check: package dependencies
Result: NOTE
Package suggested but not available for checking: ‘tmvtnorm’
Flavor: r-release-macos-x86_64