CRAN Package Check Results for Package MuChPoint

Last updated on 2023-06-02 18:52:50 CEST.

Flavor Version Tinstall Tcheck Ttotal Status Flags
r-devel-linux-x86_64-debian-clang 0.6.3 21.23 35.73 56.96 OK
r-devel-linux-x86_64-debian-gcc 0.6.3 16.10 28.17 44.27 OK
r-devel-linux-x86_64-fedora-clang 0.6.3 79.39 NOTE
r-devel-linux-x86_64-fedora-gcc 0.6.3 80.71 NOTE
r-devel-windows-x86_64 0.6.3 19.00 70.00 89.00 OK
r-patched-linux-x86_64 0.6.3 OK
r-release-linux-x86_64 0.6.3 16.85 34.79 51.64 OK
r-release-macos-arm64 0.6.3 31.00 OK
r-release-macos-x86_64 0.6.3 37.00 OK
r-release-windows-x86_64 0.6.3 24.00 77.00 101.00 OK
r-oldrel-macos-arm64 0.6.3 25.00 NOTE
r-oldrel-macos-x86_64 0.6.3 44.00 NOTE
r-oldrel-windows-x86_64 0.6.3 23.00 77.00 100.00 OK

Check Details

Version: 0.6.3
Check: dependencies in R code
Result: NOTE
    Namespaces in Imports field not imported from:
     ‘Matrix’ ‘capushe’ ‘shiny’
     All declared Imports should be used.
Flavors: r-devel-linux-x86_64-fedora-clang, r-devel-linux-x86_64-fedora-gcc, r-oldrel-macos-arm64, r-oldrel-macos-x86_64